{"text_format":"1","workbook":"xlsx","n_sheets":10,"sheets":["Input Summary","Create Rules","Corridors","Terminus","Routes - Passenger Demand","Routes - Vehicle Capacity","Routes - Corridors","Routes - Termini","Route Colours","Validation Lists"],"not_rendered":{"charts":0,"images":0,"macros":1,"external_links":0,"defined_names":16,"comments":0,"pivot_tables":0},"unopened":[],"bounds":{"document_bytes":16777216,"sheet_cells":100000,"rows_first":2000,"rows_last":500,"rows_between":2000,"halvings":0,"cell_chars":16384,"cell_head_chars":4096},"cells_cut":0,"cells_raw":0,"read":"whole","date_system":"1900"}

{"sheet":"Input Summary","index":0,"n_rows":16,"n_cols":8,"rows_kept":16,"cut":false,"hidden":false,"merged":[]}
[]
[]
[]
[null,null,null,"Please enter the following variables:"]
[null,null,1,"Corridors: Capacity (vehicles per hour)",null,null,"Start Year",2016]
[null,null,2,"Termini: Capacity (vehicles per hour)",null,null,"End Year",2046]
[null,null,3,"Routes: Demand (passengers in one hour)"]
[null,null,4,"Routes: Vehicle capacity (passengers per vehicle)"]
[]
[null,null,5]
[null,null,6,"Enter Rules"]
[]
[null,null,7]
[null,null,8]
[]
[null,null,9]

{"sheet":"Create Rules","index":1,"n_rows":73,"n_cols":10,"rows_kept":73,"cut":false,"hidden":false,"merged":[]}
["Rule #","Rule Description","Years to Implement","Trigger Type","Trigger Subject","Trigger Value","Action Subject Type","Action Subject","Action Type","Updated Parameters"]
[1,"CRL construction complete",0,"Year","N/A",2023,"Route Group","West Express","Remove from corridor stops","Albert Street : North : All routes"]
[null,null,null,null,null,null,"Route Group","West Express","Remove from terminus stops","Britomart West : West/Northwest"]
[null,null,null,null,null,null,"Route Group","Green Bay","Remove from corridor stops","Albert Street : North : All routes, K Road (Pitt to Ponsonby) : East : All routes, Pitt Street : North : All routes, Great North Road : East : All routes"]
[null,null,null,null,null,null,"Route Group","Green Bay","Remove from terminus stops","Britomart West : West/Northwest"]
[null,null,null,null,null,null,"Route","195 : Inbound","Remove from corridor stops","Albert Street : North : All routes, K Road (Pitt to Ponsonby) : East : All routes, Pitt Street : North : All routes, Great North Road : East : All routes"]
[null,null,null,null,null,null,"Route","195 : Outbound","Remove from corridor stops","Albert Street : South : All routes, K Road (Pitt to Ponsonby) : West : All routes, Pitt Street : South : All routes, Great North Road : West : All routes"]
[null,null,null,null,null,null,"Route","195 : Inbound","Remove from terminus stops","Britomart West : West/Northwest"]
[null,null,null,null,null,null,"Route Group","Papakura","Remove from corridor stops","Anzac Ave : North : All routes, Symonds Street (Anzac to Wellesley) : North : All routes, Symonds Street (Wellesley to K Rd) : North : Britomart-bound"]
[null,null,null,null,null,null,"Route Group","Papakura","Remove from terminus stops","Britomart East : AMETI"]
[2,"Reconfigure Wellesley St stop groups",1,"Year","N/A",2016,"Route Group","Takapuna / Hillcrest","Remove from corridor stops","Wellesley Street : East : North Shore, Wellesley Street : West : North Shore"]
[null,null,null,null,null,null,"Route","n4 & n4a : Inbound","Add to corridor stops","Wellesley Street : East : Crosstown"]
[null,null,null,null,null,null,"Route","n4 & n4a : Outbound","Add to corridor stops","Wellesley Street : West : Crosstown"]
[null,null,null,null,null,null,"Route","n23a & b : Inbound","Add to corridor stops","Wellesley Street : East : Crosstown"]
[null,null,null,null,null,null,"Route","n23a & b : Outbound","Add to corridor stops","Wellesley Street : West : Crosstown"]
[null,null,null,null,null,null,"Route Group","North Shore peak","Remove from corridor stops","Wellesley Street : East : Crosstown"]
[null,null,null,null,null,null,"Route Group","North Shore peak","Add to corridor stops","Wellesley Street : East : Isthmus"]
[null,null,null,null,null,null,"Route Group","Hibiscus Coast Express","Remove from corridor stops","Wellesley Street : East : Crosstown"]
[null,null,null,null,null,null,"Route Group","Hibiscus Coast Express","Add to corridor stops","Wellesley Street : East : Isthmus"]
[null,null,null,null,null,null,"Route Group","Remuera Road","Remove from corridor stops","Wellesley Street : West : Isthmus, Wellesley Street : East : Isthmus"]
[null,null,null,null,null,null,"Route Group","Gillies Ave","Remove from corridor stops","Wellesley Street : West : Isthmus, Wellesley Street : East : Isthmus"]
[null,null,null,null,null,null,"Route Group","Manukau Road","Remove from corridor stops","Wellesley Street : West : Isthmus, Wellesley Street : East : Isthmus"]
[null,null,null,null,null,null,"Route","309 & 309X : Inbound","Add to corridor stops","Wellesley Street : West : North Shore"]
[null,null,null,null,null,null,"Route","309 & 309X : Outbound","Add to corridor stops","Wellesley Street : East : North Shore"]
[null,null,null,null,null,null,"Route","295 : Inbound","Add to corridor stops","Wellesley Street : West : North Shore"]
[null,null,null,null,null,null,"Route","295 : Outbound","Add to corridor stops","Wellesley Street : East : North Shore"]
[null,null,null,null,null,null,"Route","70 : Inbound","Add to corridor stops","Wellesley Street : West : North Shore"]
[null,null,null,null,null,null,"Route","70 : Outbound","Add to corridor stops","Wellesley Street : East : North Shore"]
[null,null,null,null,null,null,"Route","701 : Inbound","Add to corridor stops","Wellesley Street : West : North Shore"]
[3,"Remove Dominion Rd buses",0,"Year","N/A",2024,"Route Group","Dominion Road","Remove from corridor stops","Symonds Street (Wellesley to K Rd) : North : Wynyard-bound, Symonds Street Upper : North : All routes, Wellesley Street : West : Isthmus, Fanshawe Street (Victoria Park) : West : Isthmus/Link, Symonds Street (Wellesley to K Rd) : South : Upper Symonds, Symonds Street Upper : South : All routes, Wellesley Street : East : Isthmus, Fanshawe Street (Victoria Park) : East : Isthmus/Link"]
[null,null,null,null,null,null,"Route Group","Dominion Road","Remove from terminus stops","Wynyard Quarter : Isthmus/Link"]
[null,null,null,null,null,null,"Route Group","Takapuna / Hillcrest","Remove from corridor stops","Wellesley Street : East : Crosstown, Wellesley Street : West : Crosstown"]
[null,null,null,null,null,null,"Route","n4 & n4a : Inbound","Add to corridor stops","Wellesley Street : East : North Shore"]
[null,null,null,null,null,null,"Route","n4 & n4a : Outbound","Add to corridor stops","Wellesley Street : West : North Shore"]
[null,null,null,null,null,null,"Route","n23a & b : Inbound","Add to corridor stops","Wellesley Street : East : North Shore"]
[null,null,null,null,null,null,"Route","n23a & b : Outbound","Add to corridor stops","Wellesley Street : West : North Shore"]
[null,null,null,null,null,null,"Route Group","Remuera Road","Remove from corridor stops","Wellesley Street : West : North Shore, Wellesley Street : East : North Shore"]
[null,null,null,null,null,null,"Route Group","Gillies Ave","Remove from corridor stops","Wellesley Street : West : North Shore, Wellesley Street : East : North Shore"]
[null,null,null,null,null,null,"Route Group","Manukau Road","Remove from corridor stops","Wellesley Street : West : North Shore, Wellesley Street : East : North Shore"]
[null,null,null,null,null,null,"Route","309 & 309X : Outbound","Add to corridor stops","Wellesley Street : East : Crosstown"]
[null,null,null,null,null,null,"Route","295 : Outbound","Add to corridor stops","Wellesley Street : East : Crosstown"]
[null,null,null,null,null,null,"Route","70 : Outbound","Add to corridor stops","Wellesley Street : East : Crosstown"]
[null,null,null,null,null,null,"Route","309 & 309X : Inbound","Add to corridor stops","Wellesley Street : West : Crosstown"]
[null,null,null,null,null,null,"Route","295 : Inbound","Add to corridor stops","Wellesley Street : West : Crosstown"]
[null,null,null,null,null,null,"Route","70 : Inbound","Add to corridor stops","Wellesley Street : West : Isthmus"]
[null,null,null,null,null,null,"Route","701 : Inbound","Add to corridor stops","Wellesley Street : West : Isthmus"]
[null,null,null,null,null,null,"Route Group","Hibiscus Coast Express","Remove from corridor stops","Wellesley Street : East : Isthmus"]
[null,null,null,null,null,null,"Route Group","Hibiscus Coast Express","Add to corridor stops","Wellesley Street : East : Crosstown"]
[null,null,null,null,null,null,"Route","Crosstown 4 : Outbound","Remove from corridor stops","Wellesley Street : East : Crosstown"]
[null,null,null,null,null,null,"Route","Crosstown 4 : Outbound","Add to corridor stops","Wellesley Street : East : Isthmus"]
[null,null,null,null,null,null,"Route Group","Jervois Road","Remove from corridor stops","Wellesley Street : East : Crosstown"]
[null,null,null,null,null,null,"Route Group","Jervois Road","Add to corridor stops","Wellesley Street : East : Isthmus"]
[null,null,null,null,null,null,"Route Group","City Link","Remove from corridor stops","Fanshawe Street (Halsey to Albert) : East : Link, Fanshawe Street (Halsey to Albert) : West : Link, Fanshawe Street (Victoria Park) : East : Isthmus/Link, Fanshawe Street (Victoria Park) : West : Isthmus/Link, Queen Street (Customs to Mayoral) : North : All routes, Queen Street (Customs to Mayoral) : South : All routes, Queen Street (Mayoral to K Rd) : North : All routes, Queen Street (Mayoral to K Rd) : South : All routes, K Road (Pitt to Queen) : East : All routes, Pitt Street : South : All routes"]
[null,null,null,null,null,null,"Route Group","City Link","Remove from terminus stops","Wynyard Quarter : Isthmus/Link"]
[null,null,null,null,null,null,"Route Group","Airbus","Remove from corridor stops","Queen Street (Customs to Mayoral) : North : All routes, Queen Street (Mayoral to K Rd) : North : All routes, Queen Street (Customs to Mayoral) : South : All routes, Queen Street (Mayoral to K Rd) : South : All routes"]
[null,null,null,null,null,null,"Route","Airbus : Inbound","Add to corridor stops","Albert Street : North : All routes, K Road (Queen to Symonds) : West : All routes, K Road (Pitt to Queen) : West : All routes, Pitt Street : North : All routes"]
[null,null,null,null,null,null,"Route","Airbus : Outbound","Add to corridor stops","Albert Street : South : All routes, K Road (Queen to Symonds) : East : All routes, K Road (Pitt to Queen) : East : All routes, Pitt Street : South : All routes"]
[4,"Reduce Sandringham Rd buses",0,"Year","N/A",2034,"Route Group","Remuera Road","Remove from corridor stops","Wellesley Street : West : Crosstown, Wellesley Street : East : Crosstown"]
[null,null,null,null,null,null,"Route Group","Gillies Ave","Remove from corridor stops","Wellesley Street : West : Crosstown, Wellesley Street : East : Crosstown"]
[null,null,null,null,null,null,"Route","309 & 309X : Outbound","Remove from corridor stops","Wellesley Street : East : Crosstown"]
[null,null,null,null,null,null,"Route","309 & 309X : Inbound","Remove from corridor stops","Wellesley Street : West : Crosstown"]
[null,null,null,null,null,null,"Route","309 & 309X : Outbound","Add to corridor stops","Wellesley Street : East : Isthmus"]
[null,null,null,null,null,null,"Route","295 : Outbound","Add to corridor stops","Wellesley Street : East : Isthmus"]
[null,null,null,null,null,null,"Route","70 : Outbound","Add to corridor stops","Wellesley Street : East : Isthmus"]
[null,null,null,null,null,null,"Route","309 & 309X : Inbound","Add to corridor stops","Wellesley Street : West : Isthmus"]
[null,null,null,null,null,null,"Route","295 : Inbound","Add to corridor stops","Wellesley Street : West : Isthmus"]
[null,null,null,null,null,null,"Route","Crosstown 4 : Outbound","Remove from corridor stops","Wellesley Street : East : Isthmus"]
[null,null,null,null,null,null,"Route","Crosstown 4 : Outbound","Add to corridor stops","Wellesley Street : East : Crosstown"]
[null,null,null,null,null,null,"Route Group","Jervois Road","Remove from corridor stops","Wellesley Street : East : Isthmus"]
[null,null,null,null,null,null,"Route Group","Jervois Road","Add to corridor stops","Wellesley Street : East : Crosstown"]
[5,"Reroute Grafton buses",0,"Year","N/A",2039,"Route Group","Gillies Ave","Remove from corridor stops","Symonds Street (Wellesley to K Rd) : North : Wynyard-bound, Grafton Bridge : West : Wynyard/Ponsonby, Symonds Street (Wellesley to K Rd) : South : Grafton, Grafton Bridge : East : Other"]
[null,null,null,null,null,null,"Route","295 : Inbound","Add to corridor stops","Grafton Road : North : All routes"]
[null,null,null,null,null,null,"Route","295 : Outbound","Add to corridor stops","Grafton Road : South : All routes"]

{"sheet":"Corridors","index":2,"n_rows":63,"n_cols":34,"rows_kept":63,"cut":false,"hidden":false,"merged":[]}
["Corridor Name","Direction","Stop Group",{"$f":"'Input Summary'!$H$5","v":2016},{"$f":"IF(IFERROR(D$1+1<='Input Summary'!$H$6,FALSE),D$1+1,\"\")","v":2017},{"$f":"IF(IFERROR(E$1+1<='Input Summary'!$H$6,FALSE),E$1+1,\"\")","v":2018},{"$f":"IF(IFERROR(F$1+1<='Input Summary'!$H$6,FALSE),F$1+1,\"\")","v":2019},{"$f":"IF(IFERROR(G$1+1<='Input Summary'!$H$6,FALSE),G$1+1,\"\")","v":2020},{"$f":"IF(IFERROR(H$1+1<='Input Summary'!$H$6,FALSE),H$1+1,\"\")","v":2021},{"$f":"IF(IFERROR(I$1+1<='Input Summary'!$H$6,FALSE),I$1+1,\"\")","v":2022},{"$f":"IF(IFERROR(J$1+1<='Input Summary'!$H$6,FALSE),J$1+1,\"\")","v":2023},{"$f":"IF(IFERROR(K$1+1<='Input Summary'!$H$6,FALSE),K$1+1,\"\")","v":2024},{"$f":"IF(IFERROR(L$1+1<='Input Summary'!$H$6,FALSE),L$1+1,\"\")","v":2025},{"$f":"IF(IFERROR(M$1+1<='Input Summary'!$H$6,FALSE),M$1+1,\"\")","v":2026},{"$f":"IF(IFERROR(N$1+1<='Input Summary'!$H$6,FALSE),N$1+1,\"\")","v":2027},{"$f":"IF(IFERROR(O$1+1<='Input Summary'!$H$6,FALSE),O$1+1,\"\")","v":2028},{"$f":"IF(IFERROR(P$1+1<='Input Summary'!$H$6,FALSE),P$1+1,\"\")","v":2029},{"$f":"IF(IFERROR(Q$1+1<='Input Summary'!$H$6,FALSE),Q$1+1,\"\")","v":2030},{"$f":"IF(IFERROR(R$1+1<='Input Summary'!$H$6,FALSE),R$1+1,\"\")","v":2031},{"$f":"IF(IFERROR(S$1+1<='Input Summary'!$H$6,FALSE),S$1+1,\"\")","v":2032},{"$f":"IF(IFERROR(T$1+1<='Input Summary'!$H$6,FALSE),T$1+1,\"\")","v":2033},{"$f":"IF(IFERROR(U$1+1<='Input Summary'!$H$6,FALSE),U$1+1,\"\")","v":2034},{"$f":"IF(IFERROR(V$1+1<='Input Summary'!$H$6,FALSE),V$1+1,\"\")","v":2035},{"$f":"IF(IFERROR(W$1+1<='Input Summary'!$H$6,FALSE),W$1+1,\"\")","v":2036},{"$f":"IF(IFERROR(X$1+1<='Input Summary'!$H$6,FALSE),X$1+1,\"\")","v":2037},{"$f":"IF(IFERROR(Y$1+1<='Input Summary'!$H$6,FALSE),Y$1+1,\"\")","v":2038},{"$f":"IF(IFERROR(Z$1+1<='Input Summary'!$H$6,FALSE),Z$1+1,\"\")","v":2039},{"$f":"IF(IFERROR(AA$1+1<='Input Summary'!$H$6,FALSE),AA$1+1,\"\")","v":2040},{"$f":"IF(IFERROR(AB$1+1<='Input Summary'!$H$6,FALSE),AB$1+1,\"\")","v":2041},{"$f":"IF(IFERROR(AC$1+1<='Input Summary'!$H$6,FALSE),AC$1+1,\"\")","v":2042},{"$f":"IF(IFERROR(AD$1+1<='Input Summary'!$H$6,FALSE),AD$1+1,\"\")","v":2043},{"$f":"IF(IFERROR(AE$1+1<='Input Summary'!$H$6,FALSE),AE$1+1,\"\")","v":2044},{"$f":"IF(IFERROR(AF$1+1<='Input Summary'!$H$6,FALSE),AF$1+1,\"\")","v":2045},{"$f":"IF(IFERROR(AG$1+1<='Input Summary'!$H$6,FALSE),AG$1+1,\"\")","v":2046}]
["Anzac Ave","North","All routes",53,53,53,53,53,53,53,53,53,53,53,53,53,53,53,53,53,53,53,53,53,53,53,53,53,53,53,53,53,53,53]
["Anzac Ave","South","All routes",53,53,53,53,53,53,53,53,53,53,53,53,53,53,53,53,53,53,53,53,53,53,53,53,53,53,53,53,53,53,53]
["Symonds Street (Anzac to Wellesley)","North","All routes",53,53,53,53,53,53,53,53,53,53,53,53,53,53,53,53,53,53,53,53,53,53,53,53,53,53,53,53,53,53,53]
["Symonds Street (Anzac to Wellesley)","South","All routes",53,53,53,53,53,53,53,53,53,53,53,53,53,53,53,53,53,53,53,53,53,53,53,53,53,53,53,53,53,53,53]
["Symonds Street (Wellesley to K Rd)","North","Britomart-bound",53,53,53,53,53,53,53,53,53,53,53,53,53,53,53,53,53,53,53,53,53,53,53,53,53,53,53,53,53,53,53]
["Symonds Street (Wellesley to K Rd)","North","Wynyard-bound",53,53,53,53,53,53,53,53,53,53,53,53,53,53,53,53,53,53,53,53,53,53,53,53,53,53,53,53,53,53,53]
["Symonds Street (Wellesley to K Rd)","South","Grafton",53,53,53,53,53,53,53,53,53,53,53,53,53,53,53,53,53,53,53,53,53,53,53,53,53,53,53,53,53,53,53]
["Symonds Street (Wellesley to K Rd)","South","Upper Symonds",53,53,53,53,53,53,53,53,53,53,53,53,53,53,53,53,53,53,53,53,53,53,53,53,53,53,53,53,53,53,53]
["Symonds Street Upper","North","All routes",53,53,53,53,53,53,53,53,53,53,53,53,53,53,53,53,53,53,53,53,53,53,53,53,53,53,53,53,53,53,53]
["Symonds Street Upper","South","All routes",53,53,53,53,53,53,53,53,53,53,53,53,53,53,53,53,53,53,53,53,53,53,53,53,53,53,53,53,53,53,53]
["Wellesley Street","East","North Shore",53,53,53,53,53,53,53,53,53,53,53,53,53,53,53,53,53,53,53,53,53,53,53,53,53,53,53,53,53,53,53]
["Wellesley Street","East","Isthmus",53,53,53,53,53,53,53,53,53,53,53,53,53,53,53,53,53,53,53,53,53,53,53,53,53,53,53,53,53,53,53]
["Wellesley Street","East","Crosstown",33,33,33,33,33,33,33,33,33,33,33,33,33,33,33,33,33,33,33,33,33,33,33,33,33,33,33,33,33,33,33]
["Wellesley Street","West","North Shore",53,53,53,53,53,53,53,53,53,53,53,53,53,53,53,53,53,53,53,53,53,53,53,53,53,53,53,53,53,53,53]
["Wellesley Street","West","Isthmus",53,53,53,53,53,53,53,53,53,53,53,53,53,53,53,53,53,53,53,53,53,53,53,53,53,53,53,53,53,53,53]
["Wellesley Street","West","Crosstown",33,33,33,33,33,33,33,33,33,33,33,33,33,33,33,33,33,33,33,33,33,33,33,33,33,33,33,33,33,33,33]
["Fanshawe Street (Halsey to Albert)","East","North Shore to Britomart",53,53,53,53,53,53,53,53,53,53,53,53,53,53,53,53,53,53,53,53,53,53,53,53,53,53,53,53,53,53,53]
["Fanshawe Street (Halsey to Albert)","East","Link",53,53,53,53,53,53,53,53,53,53,53,53,53,53,53,53,53,53,53,53,53,53,53,53,53,53,53,53,53,53,53]
["Fanshawe Street (Halsey to Albert)","West","North Shore",53,53,53,53,53,53,53,53,53,53,53,53,53,53,53,53,53,53,53,53,53,53,53,53,53,53,53,53,53,53,53]
["Fanshawe Street (Halsey to Albert)","West","Link",53,53,53,53,53,53,53,53,53,53,53,53,53,53,53,53,53,53,53,53,53,53,53,53,53,53,53,53,53,53,53]
["Fanshawe Street (Victoria Park)","East","NS to Britomart",53,53,53,53,53,53,53,53,53,53,53,53,53,53,53,53,53,53,53,53,53,53,53,53,53,53,53,53,53,53,53]
["Fanshawe Street (Victoria Park)","East","NS to University",53,53,53,53,53,53,53,53,53,53,53,53,53,53,53,53,53,53,53,53,53,53,53,53,53,53,53,53,53,53,53]
["Fanshawe Street (Victoria Park)","East","Isthmus/Link",33,33,33,33,33,33,33,33,33,33,33,33,33,33,33,33,33,33,33,33,33,33,33,33,33,33,33,33,33,33,33]
["Fanshawe Street (Victoria Park)","West","NEX",53,53,53,53,53,53,53,53,53,53,53,53,53,53,53,53,53,53,53,53,53,53,53,53,53,53,53,53,53,53,53]
["Fanshawe Street (Victoria Park)","West","Isthmus/Link",53,53,53,53,53,53,53,53,53,53,53,53,53,53,53,53,53,53,53,53,53,53,53,53,53,53,53,53,53,53,53]
["Fanshawe Street (Victoria Park)","West","North Shore",33,33,33,33,33,33,33,33,33,33,33,33,33,33,33,33,33,33,33,33,33,33,33,33,33,33,33,33,33,33,33]
["Queen Street (Customs to Mayoral)","North","All routes",33,33,33,33,33,33,33,33,33,33,33,33,33,33,33,33,33,33,33,33,33,33,33,33,33,33,33,33,33,33,33]
["Queen Street (Customs to Mayoral)","South","All routes",33,33,33,33,33,33,33,33,33,33,33,33,33,33,33,33,33,33,33,33,33,33,33,33,33,33,33,33,33,33,33]
["Queen Street (Mayoral to K Rd)","North","All routes",53,53,53,53,53,53,53,53,53,53,53,53,53,53,53,53,53,53,53,53,53,53,53,53,53,53,53,53,53,53,53]
["Queen Street (Mayoral to K Rd)","South","All routes",53,53,53,53,53,53,53,53,53,53,53,53,53,53,53,53,53,53,53,53,53,53,53,53,53,53,53,53,53,53,53]
["Albert Street","North","All routes",53,53,53,53,53,53,53,53,53,53,53,53,53,53,53,53,53,53,53,53,53,53,53,53,53,53,53,53,53,53,53]
["Albert Street","South","All routes",53,53,53,53,53,53,53,53,53,53,53,53,53,53,53,53,53,53,53,53,53,53,53,53,53,53,53,53,53,53,53]
["Beach Road","East","All routes",53,53,53,53,53,53,53,53,53,53,53,53,53,53,53,53,53,53,53,53,53,53,53,53,53,53,53,53,53,53,53]
["Beach Road","West","All routes",53,53,53,53,53,53,53,53,53,53,53,53,53,53,53,53,53,53,53,53,53,53,53,53,53,53,53,53,53,53,53]
["Victoria Street","East","All routes",53,53,53,53,53,53,53,53,53,53,53,53,53,53,53,53,53,53,53,53,53,53,53,53,53,53,53,53,53,53,53]
["Victoria Street","West","All routes",53,53,53,53,53,53,53,53,53,53,53,53,53,53,53,53,53,53,53,53,53,53,53,53,53,53,53,53,53,53,53]
["College Hill","East","All routes",53,53,53,53,53,53,53,53,53,53,53,53,53,53,53,53,53,53,53,53,53,53,53,53,53,53,53,53,53,53,53]
["College Hill","West","All routes",53,53,53,53,53,53,53,53,53,53,53,53,53,53,53,53,53,53,53,53,53,53,53,53,53,53,53,53,53,53,53]
["Beaumont Street","North","All routes",53,53,53,53,53,53,53,53,53,53,53,53,53,53,53,53,53,53,53,53,53,53,53,53,53,53,53,53,53,53,53]
["Beaumont Street","South","All routes",53,53,53,53,53,53,53,53,53,53,53,53,53,53,53,53,53,53,53,53,53,53,53,53,53,53,53,53,53,53,53]
["K Road (Pitt to Ponsonby)","East","All routes",53,53,53,53,53,53,53,53,53,53,53,53,53,53,53,53,53,53,53,53,53,53,53,53,53,53,53,53,53,53,53]
["K Road (Pitt to Ponsonby)","West","All routes",53,53,53,53,53,53,53,53,53,53,53,53,53,53,53,53,53,53,53,53,53,53,53,53,53,53,53,53,53,53,53]
["K Road (Queen to Symonds)","East","All routes",53,53,53,53,53,53,53,53,53,53,53,53,53,53,53,53,53,53,53,53,53,53,53,53,53,53,53,53,53,53,53]
["K Road (Queen to Symonds)","West","All routes",53,53,53,53,53,53,53,53,53,53,53,53,53,53,53,53,53,53,53,53,53,53,53,53,53,53,53,53,53,53,53]
["K Road (Pitt to Queen)","East","All routes",53,53,53,53,53,53,53,53,53,53,53,53,53,53,53,53,53,53,53,53,53,53,53,53,53,53,53,53,53,53,53]
["K Road (Pitt to Queen)","West","All routes",53,53,53,53,53,53,53,53,53,53,53,53,53,53,53,53,53,53,53,53,53,53,53,53,53,53,53,53,53,53,53]
["Pitt Street","North","All routes",53,53,53,53,53,53,53,53,53,53,53,53,53,53,53,53,53,53,53,53,53,53,53,53,53,53,53,53,53,53,53]
["Pitt Street","South","All routes",53,53,53,53,53,53,53,53,53,53,53,53,53,53,53,53,53,53,53,53,53,53,53,53,53,53,53,53,53,53,53]
["Great North Road","East","All routes",53,53,53,53,53,53,53,53,53,53,53,53,53,53,53,53,53,53,53,53,53,53,53,53,53,53,53,53,53,53,53]
["Great North Road","West","All routes",53,53,53,53,53,53,53,53,53,53,53,53,53,53,53,53,53,53,53,53,53,53,53,53,53,53,53,53,53,53,53]
["Grafton Bridge","East","Other",53,53,53,53,53,53,53,53,53,53,53,53,53,53,53,53,53,53,53,53,53,53,53,53,53,53,53,53,53,53,53]
["Grafton Bridge","East","To 277",53,53,53,53,53,53,53,53,53,53,53,53,53,53,53,53,53,53,53,53,53,53,53,53,53,53,53,53,53,53,53]
["Grafton Bridge","West","Britomart-bound",53,53,53,53,53,53,53,53,53,53,53,53,53,53,53,53,53,53,53,53,53,53,53,53,53,53,53,53,53,53,53]
["Grafton Bridge","West","Wynyard/Ponsonby",53,53,53,53,53,53,53,53,53,53,53,53,53,53,53,53,53,53,53,53,53,53,53,53,53,53,53,53,53,53,53]
["Park Road","East","Other",53,53,53,53,53,53,53,53,53,53,53,53,53,53,53,53,53,53,53,53,53,53,53,53,53,53,53,53,53,53,53]
["Park Road","East","To 277",53,53,53,53,53,53,53,53,53,53,53,53,53,53,53,53,53,53,53,53,53,53,53,53,53,53,53,53,53,53,53]
["Park Road","West","Britomart-bound",53,53,53,53,53,53,53,53,53,53,53,53,53,53,53,53,53,53,53,53,53,53,53,53,53,53,53,53,53,53,53]
["Park Road","West","Wynyard/Ponsonby",53,53,53,53,53,53,53,53,53,53,53,53,53,53,53,53,53,53,53,53,53,53,53,53,53,53,53,53,53,53,53]
["Khyber Pass","East","All routes",53,53,53,53,53,53,53,53,53,53,53,53,53,53,53,53,53,53,53,53,53,53,53,53,53,53,53,53,53,53,53]
["Khyber Pass","West","All routes",53,53,53,53,53,53,53,53,53,53,53,53,53,53,53,53,53,53,53,53,53,53,53,53,53,53,53,53,53,53,53]
["Grafton Road","North","All routes",53,53,53,53,53,53,53,53,53,53,53,53,53,53,53,53,53,53,53,53,53,53,53,53,53,53,53,53,53,53,53]
["Grafton Road","South","All routes",53,53,53,53,53,53,53,53,53,53,53,53,53,53,53,53,53,53,53,53,53,53,53,53,53,53,53,53,53,53,53]

{"sheet":"Terminus","index":3,"n_rows":9,"n_cols":33,"rows_kept":9,"cut":false,"hidden":false,"merged":[]}
["Terminus Name","Stop Group",{"$f":"'Input Summary'!$H$5","v":2016},{"$f":"IF(IFERROR(C$1+1<='Input Summary'!$H$6,FALSE),C$1+1,\"\")","v":2017},{"$f":"IF(IFERROR(D$1+1<='Input Summary'!$H$6,FALSE),D$1+1,\"\")","v":2018},{"$f":"IF(IFERROR(E$1+1<='Input Summary'!$H$6,FALSE),E$1+1,\"\")","v":2019},{"$f":"IF(IFERROR(F$1+1<='Input Summary'!$H$6,FALSE),F$1+1,\"\")","v":2020},{"$f":"IF(IFERROR(G$1+1<='Input Summary'!$H$6,FALSE),G$1+1,\"\")","v":2021},{"$f":"IF(IFERROR(H$1+1<='Input Summary'!$H$6,FALSE),H$1+1,\"\")","v":2022},{"$f":"IF(IFERROR(I$1+1<='Input Summary'!$H$6,FALSE),I$1+1,\"\")","v":2023},{"$f":"IF(IFERROR(J$1+1<='Input Summary'!$H$6,FALSE),J$1+1,\"\")","v":2024},{"$f":"IF(IFERROR(K$1+1<='Input Summary'!$H$6,FALSE),K$1+1,\"\")","v":2025},{"$f":"IF(IFERROR(L$1+1<='Input Summary'!$H$6,FALSE),L$1+1,\"\")","v":2026},{"$f":"IF(IFERROR(M$1+1<='Input Summary'!$H$6,FALSE),M$1+1,\"\")","v":2027},{"$f":"IF(IFERROR(N$1+1<='Input Summary'!$H$6,FALSE),N$1+1,\"\")","v":2028},{"$f":"IF(IFERROR(O$1+1<='Input Summary'!$H$6,FALSE),O$1+1,\"\")","v":2029},{"$f":"IF(IFERROR(P$1+1<='Input Summary'!$H$6,FALSE),P$1+1,\"\")","v":2030},{"$f":"IF(IFERROR(Q$1+1<='Input Summary'!$H$6,FALSE),Q$1+1,\"\")","v":2031},{"$f":"IF(IFERROR(R$1+1<='Input Summary'!$H$6,FALSE),R$1+1,\"\")","v":2032},{"$f":"IF(IFERROR(S$1+1<='Input Summary'!$H$6,FALSE),S$1+1,\"\")","v":2033},{"$f":"IF(IFERROR(T$1+1<='Input Summary'!$H$6,FALSE),T$1+1,\"\")","v":2034},{"$f":"IF(IFERROR(U$1+1<='Input Summary'!$H$6,FALSE),U$1+1,\"\")","v":2035},{"$f":"IF(IFERROR(V$1+1<='Input Summary'!$H$6,FALSE),V$1+1,\"\")","v":2036},{"$f":"IF(IFERROR(W$1+1<='Input Summary'!$H$6,FALSE),W$1+1,\"\")","v":2037},{"$f":"IF(IFERROR(X$1+1<='Input Summary'!$H$6,FALSE),X$1+1,\"\")","v":2038},{"$f":"IF(IFERROR(Y$1+1<='Input Summary'!$H$6,FALSE),Y$1+1,\"\")","v":2039},{"$f":"IF(IFERROR(Z$1+1<='Input Summary'!$H$6,FALSE),Z$1+1,\"\")","v":2040},{"$f":"IF(IFERROR(AA$1+1<='Input Summary'!$H$6,FALSE),AA$1+1,\"\")","v":2041},{"$f":"IF(IFERROR(AB$1+1<='Input Summary'!$H$6,FALSE),AB$1+1,\"\")","v":2042},{"$f":"IF(IFERROR(AC$1+1<='Input Summary'!$H$6,FALSE),AC$1+1,\"\")","v":2043},{"$f":"IF(IFERROR(AD$1+1<='Input Summary'!$H$6,FALSE),AD$1+1,\"\")","v":2044},{"$f":"IF(IFERROR(AE$1+1<='Input Summary'!$H$6,FALSE),AE$1+1,\"\")","v":2045},{"$f":"IF(IFERROR(AF$1+1<='Input Summary'!$H$6,FALSE),AF$1+1,\"\")","v":2046}]
["Wynyard Quarter","Isthmus/Link",53,53,53,53,53,53,53,53,53,53,53,53,53,53,53,53,53,53,53,53,53,53,53,53,53,53,53,53,53,53,53]
["Britomart West","West/Northwest",74,74,74,74,74,74,74,74,74,74,74,74,74,74,74,74,74,74,74,74,74,74,74,74,74,74,74,74,74,74,74]
["Britomart West","North Shore",77,77,77,77,77,77,77,77,77,77,77,77,77,77,77,77,77,77,77,77,77,77,77,77,77,77,77,77,77,77,77]
["Britomart East","Mt Eden/Hospitals",25,25,25,25,25,25,25,25,25,25,25,25,25,25,25,25,25,25,25,25,25,25,25,25,25,25,25,25,25,25,25]
["Britomart East","Tamaki Drive",25,25,25,25,25,25,25,25,25,25,25,25,25,25,25,25,25,25,25,25,25,25,25,25,25,25,25,25,25,25,25]
["Britomart East","AMETI",25,25,25,25,25,25,25,25,25,25,25,25,25,25,25,25,25,25,25,25,25,25,25,25,25,25,25,25,25,25,25]
["University","All routes",53,53,53,53,53,53,53,53,53,53,53,53,53,53,53,53,53,53,53,53,53,53,53,53,53,53,53,53,53,53,53]
["Victoria Park","All routes",53,53,53,53,53,53,53,53,53,53,53,53,53,53,53,53,53,53,53,53,53,53,53,53,53,53,53,53,53,53,53]

{"sheet":"Routes - Passenger Demand","index":4,"n_rows":78,"n_cols":34,"rows_kept":78,"cut":false,"hidden":false,"merged":[]}
["Route Name","Direction","Route Group",{"$f":"'Input Summary'!$H$5","v":2016},{"$f":"IF(IFERROR(D$1+1<='Input Summary'!$H$6,FALSE),D$1+1,\"\")","v":2017},{"$f":"IF(IFERROR(E$1+1<='Input Summary'!$H$6,FALSE),E$1+1,\"\")","v":2018},{"$f":"IF(IFERROR(F$1+1<='Input Summary'!$H$6,FALSE),F$1+1,\"\")","v":2019},{"$f":"IF(IFERROR(G$1+1<='Input Summary'!$H$6,FALSE),G$1+1,\"\")","v":2020},{"$f":"IF(IFERROR(H$1+1<='Input Summary'!$H$6,FALSE),H$1+1,\"\")","v":2021},{"$f":"IF(IFERROR(I$1+1<='Input Summary'!$H$6,FALSE),I$1+1,\"\")","v":2022},{"$f":"IF(IFERROR(J$1+1<='Input Summary'!$H$6,FALSE),J$1+1,\"\")","v":2023},{"$f":"IF(IFERROR(K$1+1<='Input Summary'!$H$6,FALSE),K$1+1,\"\")","v":2024},{"$f":"IF(IFERROR(L$1+1<='Input Summary'!$H$6,FALSE),L$1+1,\"\")","v":2025},{"$f":"IF(IFERROR(M$1+1<='Input Summary'!$H$6,FALSE),M$1+1,\"\")","v":2026},{"$f":"IF(IFERROR(N$1+1<='Input Summary'!$H$6,FALSE),N$1+1,\"\")","v":2027},{"$f":"IF(IFERROR(O$1+1<='Input Summary'!$H$6,FALSE),O$1+1,\"\")","v":2028},{"$f":"IF(IFERROR(P$1+1<='Input Summary'!$H$6,FALSE),P$1+1,\"\")","v":2029},{"$f":"IF(IFERROR(Q$1+1<='Input Summary'!$H$6,FALSE),Q$1+1,\"\")","v":2030},{"$f":"IF(IFERROR(R$1+1<='Input Summary'!$H$6,FALSE),R$1+1,\"\")","v":2031},{"$f":"IF(IFERROR(S$1+1<='Input Summary'!$H$6,FALSE),S$1+1,\"\")","v":2032},{"$f":"IF(IFERROR(T$1+1<='Input Summary'!$H$6,FALSE),T$1+1,\"\")","v":2033},{"$f":"IF(IFERROR(U$1+1<='Input Summary'!$H$6,FALSE),U$1+1,\"\")","v":2034},{"$f":"IF(IFERROR(V$1+1<='Input Summary'!$H$6,FALSE),V$1+1,\"\")","v":2035},{"$f":"IF(IFERROR(W$1+1<='Input Summary'!$H$6,FALSE),W$1+1,\"\")","v":2036},{"$f":"IF(IFERROR(X$1+1<='Input Summary'!$H$6,FALSE),X$1+1,\"\")","v":2037},{"$f":"IF(IFERROR(Y$1+1<='Input Summary'!$H$6,FALSE),Y$1+1,\"\")","v":2038},{"$f":"IF(IFERROR(Z$1+1<='Input Summary'!$H$6,FALSE),Z$1+1,\"\")","v":2039},{"$f":"IF(IFERROR(AA$1+1<='Input Summary'!$H$6,FALSE),AA$1+1,\"\")","v":2040},{"$f":"IF(IFERROR(AB$1+1<='Input Summary'!$H$6,FALSE),AB$1+1,\"\")","v":2041},{"$f":"IF(IFERROR(AC$1+1<='Input Summary'!$H$6,FALSE),AC$1+1,\"\")","v":2042},{"$f":"IF(IFERROR(AD$1+1<='Input Summary'!$H$6,FALSE),AD$1+1,\"\")","v":2043},{"$f":"IF(IFERROR(AE$1+1<='Input Summary'!$H$6,FALSE),AE$1+1,\"\")","v":2044},{"$f":"IF(IFERROR(AF$1+1<='Input Summary'!$H$6,FALSE),AF$1+1,\"\")","v":2045},{"$f":"IF(IFERROR(AG$1+1<='Input Summary'!$H$6,FALSE),AG$1+1,\"\")","v":2046}]
["Airbus","Inbound","Airbus",420,420,420,420,420,420,420,420,420,420,420,420,420,420,420,420,420,420,420,420,420,420,420,420,420,420,420,420,420,420,420]
["Airbus","Outbound","Airbus",420,420,420,420,420,420,420,420,420,420,420,420,420,420,420,420,420,420,420,420,420,420,420,420,420,420,420,420,420,420,420]
["City Link","Inbound","City Link",605,646.5,688,729.5,729.5,729.5,771,812.5,854,895.5,937,978.5,1020,1040.4000000000001,1060.8,1081.2,1101.5999999999999,1122,1142.4000000000001,1162.8,1183.2,1203.5999999999999,1224,1244.4000000000001,1264.8,1285.2,1305.5999999999999,1326,1346.4,1366.8,1387.2]
["Inner Link","Inbound","Inner Link",605,646.5,688,729.5,729.5,729.5,771,812.5,854,895.5,937,978.5,1020,1040.4000000000001,1060.8,1081.2,1101.5999999999999,1122,1142.4000000000001,1162.8,1183.2,1203.5999999999999,1224,1244.4000000000001,1264.8,1285.2,1305.5999999999999,1326,1346.4,1366.8,1387.2]
["Inner Link","Outbound","Inner Link",605,646.5,688,729.5,729.5,729.5,771,812.5,854,895.5,937,978.5,1020,1040.4000000000001,1060.8,1081.2,1101.5999999999999,1122,1142.4000000000001,1162.8,1183.2,1203.5999999999999,1224,1244.4000000000001,1264.8,1285.2,1305.5999999999999,1326,1346.4,1366.8,1387.2]
["Crosstown 4 peak","Inbound","Manukau Road",385,402.5,420,437.5,437.5,437.5,455,472.5,490,507.5,525,542.5,560,574,588,602,616,630,644,658,672,686,700,714,728,742,756,770,784,798,812]
["Crosstown 4","Inbound","Manukau Road / Jervois Road",605,632.5,660,687.5,687.5,687.5,715,742.5,770,797.5,825,852.5,880,902,924,946,968,990,1012,1034,1056,1078,1100,1122,1144,1166,1188,1210,1232,1254,1276]
["Crosstown 4","Outbound","Manukau Road / Jervois Road",605,632.5,660,687.5,687.5,687.5,715,742.5,770,797.5,825,852.5,880,902,924,946,968,990,1012,1034,1056,1078,1100,1122,1144,1166,1188,1210,1232,1254,1276]
["309 & 309X","Inbound","Manukau Road",420,420,420,420,420,420,420,420,420,420,420,420,420,420,420,420,420,420,420,420,420,420,420,420,420,420,420,420,420,420,420]
["309 & 309X","Outbound","Manukau Road",122.5,131.25,140,148.75,148.75,148.75,157.5,166.25,175,183.75,192.5,201.25,210,217,224,231,238,245,252,259,266,273,280,287,294,301,308,315,322,329,336]
["101","Inbound","Jervois Road",157.5,183.75,210,236.25,236.25,236.25,262.5,288.75,315,341.25,367.5,393.75,420,434,448,462,476,490,504,518,532,546,560,574,588,602,616,630,644,658,672]
["105","Inbound","Richmond Road",420,420,420,420,420,420,420,420,420,420,420,420,420,434,448,462,476,490,504,518,532,546,560,574,588,602,616,630,644,658,672]
["105","Outbound","Richmond Road",192.5,201.25,210,218.75,218.75,218.75,227.5,236.25,245,253.75,262.5,271.25,280,294,308,322,336,350,364,378,392,406,420,434,448,462,476,490,504,518,532]
["106","Inbound","Freemans Bay",82.5,96.25,110,123.75,123.75,123.75,137.5,151.25,165,178.75,192.5,206.25,220,220,220,220,220,220,220,220,220,220,220,220,220,220,220,220,220,220,220]
["106","Outbound","Freemans Bay",96.25,103.125,110,116.875,116.875,116.875,123.75,130.625,137.5,144.375,151.25,158.125,165,170.5,176,181.5,187,192.5,198,203.5,209,214.5,220,220,220,220,220,220,220,220,220]
["Crosstown 5","Inbound","Mount Eden Crosstown",245,262.5,280,297.5,297.5,297.5,315,332.5,350,367.5,385,402.5,420,420,420,420,420,420,420,420,420,420,420,420,420,420,420,420,420,420,420]
["Crosstown 5","Outbound","Mount Eden Crosstown",192.5,201.25,210,218.75,218.75,218.75,227.5,236.25,245,253.75,262.5,271.25,280,294,308,322,336,350,364,378,392,406,420,420,420,420,420,420,420,420,420]
["18","Inbound","Great North Road",1020,1050,1080,1110,1110,1110,1140,1170,1200,1230,1260,1290,1320,1320,1320,1320,1320,1320,1320,1320,1320,1320,1320,1320,1320,1320,1320,1320,1320,1320,1320]
["18","Outbound","Great North Road",660,660,660,660,660,660,660,660,660,660,660,660,660,682,704,726,748,770,792,814,836,858,880,902,924,946,968,990,1012,1034,1056]
["22a & b","Inbound","New North Road",1020,1050,1080,1110,1110,1110,1140,1170,1200,1230,1260,1290,1320,1320,1320,1320,1320,1320,1320,1320,1320,1320,1320,1320,1320,1320,1320,1320,1320,1320,1320]
["22a & b","Outbound","New North Road",660,660,660,660,660,660,660,660,660,660,660,660,660,660,660,660,660,660,660,660,660,660,660,660,660,660,660,660,660,660,660]
["24a & b","Inbound","Sandringham Road",1380,1440,1500,1560,1560,1560,1620,1680,1740,1800,1860,1920,1980,2002,2024,2046,2068,2090,1056,1067,1078,1089,1100,1111,1122,1133,1144,1155,1166,1177,1188]
["24a & b","Outbound","Sandringham Road",605,632.5,660,687.5,687.5,687.5,715,1320,1320,1320,1320,1320,1320,1320,1320,1320,1320,1320,660,660,660,660,660,660,660,660,660,660,660,660,660]
["25 & 26","Inbound","Dominion Road",2040,2100,2160,2220,2220,2220,2280,2340,2400,2460,2520,2580,2640,2684,2728,2772,2816,2860,2904,2948,2992,3036,3080,3124,3168,3212,3256,3300,3344,3388,3432]
["25 & 26","Outbound","Dominion Road",1320,1320,1320,1320,1320,1320,1320,1320,1320,1320,1320,1320,1320,1320,1320,1320,1320,1320,1320,1320,1320,1320,1320,1320,1320,1320,1320,1320,1320,1320,1320]
["27","Inbound","Mount Eden Road",1430,1535,1640,1745,1745,1745,1850,1955,2060,2165,2270,2375,2480,2496,2512,2528,2544,2560,2576,2592,2608,2624,2640,2656,2672,2688,2704,2720,2736,2752,2768]
["27","Outbound","Mount Eden Road",605,632.5,660,687.5,687.5,687.5,715,742.5,770,797.5,825,852.5,880,880,880,880,880,880,880,880,880,880,880,880,880,880,880,880,880,880,880]
["321","Inbound","Otahuhu to City via Hospitals",280,280,280,280,280,280,280,280,280,280,280,280,280,280,280,280,280,280,280,280,280,280,280,280,280,280,280,280,280,280,280]
["321","Outbound","Otahuhu to City via Hospitals",122.5,131.25,140,148.75,148.75,148.75,157.5,166.25,175,183.75,192.5,201.25,210,217,224,231,238,245,252,259,266,273,280,280,280,280,280,280,280,280,280]
["295","Inbound","Gillies Ave",280,280,280,280,280,280,280,280,280,280,280,280,280,294,308,322,336,350,364,378,392,406,420,434,448,462,476,490,504,518,532]
["295","Outbound","Gillies Ave",122.5,131.25,140,148.75,148.75,148.75,157.5,166.25,175,183.75,192.5,201.25,210,217,224,231,238,245,252,259,266,273,280,287,294,301,308,315,322,329,336]
["70","Inbound","Remuera Road",525,542.5,560,577.5,577.5,577.5,595,612.5,630,647.5,665,682.5,700,714,728,742,756,770,784,798,812,826,840,854,868,882,896,910,924,938,952]
["70","Outbound","Remuera Road",245,262.5,280,297.5,297.5,297.5,315,332.5,350,367.5,385,402.5,420,420,420,420,420,420,420,420,420,420,420,420,420,420,420,420,420,420,420]
["701","Inbound","Remuera Road",262.5,271.25,280,288.75,288.75,288.75,297.5,306.25,315,323.75,332.5,341.25,350,357,364,371,378,385,392,399,406,413,420,427,434,441,448,455,462,469,476]
["703","Inbound","Portland Road",140,140,140,140,140,140,140,140,140,140,140,140,140,140,140,140,140,140,140,140,140,140,140,140,140,140,140,140,140,140,140]
["703","Outbound","Portland Road",70,70,70,70,70,70,70,70,70,70,70,70,70,70,70,70,70,70,70,70,70,70,70,70,70,70,70,70,70,70,70]
["761","Inbound","Kepa Road",192.5,201.25,210,218.75,218.75,218.75,227.5,236.25,245,253.75,262.5,271.25,280,294,308,322,336,350,364,378,392,406,420,434,448,462,476,490,504,518,532]
["77","Inbound","Tamaki Drive",385,402.5,420,437.5,437.5,437.5,455,472.5,490,507.5,525,542.5,560,574,588,602,616,630,644,658,672,686,700,714,728,742,756,770,784,798,812]
["77","Outbound","Tamaki Drive",245,262.5,280,297.5,297.5,297.5,315,332.5,350,367.5,385,402.5,420,434,448,462,476,490,504,518,532,546,560,574,588,602,616,630,644,658,672]
["774 & 775","Inbound","Tamaki Drive",560,560,560,560,560,560,560,560,560,560,560,560,560,574,588,602,616,630,644,658,672,686,700,714,728,742,756,770,784,798,812]
["55","Inbound","Howick",1650,1650,1650,1650,1650,1650,1650,1650,1650,1650,1650,1650,1650,1650,1650,1650,1650,1650,1650,1650,1650,1650,1650,1650,1650,1650,1650,1650,1650,1650,1650]
["55","Outbound","Howick",880,880,880,880,880,880,880,880,880,880,880,880,880,880,880,880,880,880,880,880,880,880,880,880,880,880,880,880,880,880,880]
["55 peak","Inbound","Howick",420,420,420,420,420,420,420,420,420,420,420,420,420,420,420,420,420,420,420,420,420,420,420,420,420,420,420,420,420,420,420]
["360X","Inbound","Papakura",165,165,165,165,165,165,165,165,165,165,165,165,165,165,165,165,165,165,165,165,165,165,165,165,165,165,165,165,165,165,165]
["NX1","Inbound","NEX",2200,2310,2420,2530,2530,2530,2640,2750,2860,2970,3080,3190,3300,3300,3300,3300,3300,3300,3300,3300,3300,3300,3300,3300,3300,3300,3300,3300,3300,3300,3300]
["NX1","Outbound","NEX",825,852.5,880,907.5,907.5,907.5,935,962.5,990,1017.5,1045,1072.5,1100,1100,1100,1100,1100,1100,1100,1100,1100,1100,1100,1100,1100,1100,1100,1100,1100,1100,1100]
["NX2","Inbound","NEX",2200,2310,2420,2530,2530,2530,2640,2750,2860,2970,3080,3190,3300,3300,3300,3300,3300,3300,3300,3300,3300,3300,3300,3300,3300,3300,3300,3300,3300,3300,3300]
["NX2","Outbound","NEX",825,852.5,880,907.5,907.5,907.5,935,962.5,990,1017.5,1045,1072.5,1100,1100,1100,1100,1100,1100,1100,1100,1100,1100,1100,1100,1100,1100,1100,1100,1100,1100,1100]
["Hibiscus Coast","Inbound","Hibiscus Coast Express",525,542.5,560,577.5,577.5,577.5,595,612.5,630,647.5,665,682.5,700,714,728,742,756,770,784,798,812,826,840,854,868,882,896,910,924,938,952]
["NX3","Inbound","NEX",305,362.5,420,477.5,477.5,477.5,535,592.5,650,707.5,765,822.5,880,902,924,946,968,990,1012,1034,1056,1078,1100,1122,1144,1166,1188,1210,1232,1254,1276]
["NX3","Outbound","NEX",185,232.5,280,327.5,327.5,327.5,375,422.5,470,517.5,565,612.5,660,682,704,726,748,770,792,814,836,858,880,902,924,946,968,990,1012,1034,1056]
["n4 & n4a","Inbound","Takapuna / Hillcrest",525,542.5,560,577.5,577.5,577.5,595,612.5,630,647.5,665,682.5,700,700,700,700,700,700,700,700,700,700,700,700,700,700,700,700,700,700,700]
["n4 & n4a","Outbound","Takapuna / Hillcrest",385,402.5,420,437.5,437.5,437.5,455,472.5,490,507.5,525,542.5,560,560,560,560,560,560,560,560,560,560,560,560,560,560,560,560,560,560,560]
["n23a & b","Inbound","Takapuna / Hillcrest",385,402.5,420,437.5,437.5,437.5,455,472.5,490,507.5,525,542.5,560,560,560,560,560,560,560,560,560,560,560,560,560,560,560,560,560,560,560]
["n23a & b","Outbound","Takapuna / Hillcrest",192.5,201.25,210,218.75,218.75,218.75,227.5,236.25,245,253.75,262.5,271.25,280,280,280,280,280,280,280,280,280,280,280,280,280,280,280,280,280,280,280]
["n11","Inbound","North Shore peak",110,110,110,110,110,110,110,110,110,110,0,0,0,0,0,0,0,0,0,0,0,0,0,0,0,0,0,0,0,0,0]
["n8a & b","Inbound","Onewa Road",762.5,796.25,830,863.75,863.75,863.75,897.5,931.25,965,998.75,1032.5,1066.25,1100,1122,1144,1166,1188,1210,1232,1254,1276,1298,1320,1342,1364,1386,1408,1430,1452,1474,1496]
["n8a & b","Outbound","Onewa Road",522.5,536.25,550,563.75,563.75,563.75,577.5,591.25,605,618.75,632.5,646.25,660,660,660,660,660,660,660,660,660,660,660,660,660,660,660,660,660,660,660]
["n81","Inbound","North Shore peak",332.5,341.25,350,358.75,358.75,358.75,367.5,376.25,385,393.75,402.5,411.25,420,434,448,462,476,490,504,518,532,546,560,574,588,602,616,630,644,658,672]
["n9a & b","Inbound","Onewa Road",675,717.5,760,802.5,802.5,802.5,845,887.5,930,972.5,1015,1057.5,1100,1122,1144,1166,1188,1210,1232,1254,1276,1298,1320,1342,1364,1386,1408,1430,1452,1474,1496]
["n9a & b","Outbound","Onewa Road",522.5,536.25,550,563.75,563.75,563.75,577.5,591.25,605,618.75,632.5,646.25,660,660,660,660,660,660,660,660,660,660,660,660,660,660,660,660,660,660,660]
["n91","Inbound","North Shore peak",332.5,341.25,350,358.75,358.75,358.75,367.5,376.25,385,393.75,402.5,411.25,420,434,448,462,476,490,504,518,532,546,560,574,588,602,616,630,644,658,672]
["n92","Inbound","North Shore peak",332.5,341.25,350,358.75,358.75,358.75,367.5,376.25,385,393.75,402.5,411.25,420,434,448,462,476,490,504,518,532,546,560,574,588,602,616,630,644,658,672]
["n93","Inbound","Onewa Road",245,262.5,280,297.5,297.5,297.5,315,332.5,350,367.5,385,402.5,420,434,448,462,476,490,504,518,532,546,560,574,588,602,616,630,644,658,672]
["n93","Outbound","Onewa Road",105,122.5,140,157.5,157.5,157.5,175,192.5,210,227.5,245,262.5,280,280,280,280,280,280,280,280,280,280,280,280,280,280,280,280,280,280,280]
["110","Inbound","Westgate",605,632.5,660,687.5,687.5,687.5,715,742.5,770,797.5,825,852.5,880,924,968,1012,1056,1100,1144,1188,1232,1276,1320,1364,1408,1452,1496,1540,1584,1628,1672]
["110","Outbound","Westgate",605,632.5,660,687.5,687.5,687.5,715,742.5,770,797.5,825,852.5,880,924,968,1012,1056,1100,1144,1188,1232,1276,1320,1364,1408,1452,1496,1540,1584,1628,1672]
["125X","Inbound","Westgate",185,232.5,280,327.5,327.5,327.5,375,422.5,470,517.5,565,612.5,660,682,704,726,748,770,792,814,836,858,880,902,924,946,968,990,1012,1034,1056]
["129","Inbound","Massey West",210,245,280,315,315,315,350,385,420,455,490,525,560,574,588,602,616,630,644,658,672,686,700,714,728,742,756,770,784,798,812]
["Red Hills","Inbound","Red Hills",0,0,0,0,0,0,0,0,0,0,420,420,420,434,448,462,476,490,504,518,532,546,560,574,588,602,616,630,644,658,672]
["132X","Inbound","Te Atatu Peninsula",385,402.5,420,437.5,437.5,437.5,455,472.5,490,507.5,525,542.5,560,574,588,602,616,630,644,658,672,686,700,714,728,742,756,770,784,798,812]
["133X","Inbound","Henderson",385,402.5,420,437.5,437.5,437.5,455,472.5,490,507.5,525,542.5,560,574,588,602,616,630,644,658,672,686,700,714,728,742,756,770,784,798,812]
["151X","Inbound","West Express",280,280,280,280,280,280,280,280,280,280,280,280,280,280,280,280,280,280,280,280,280,280,280,280,280,280,280,280,280,280,280]
["171X & 172X","Inbound","West Express",280,280,280,280,280,280,280,280,280,280,280,280,280,280,280,280,280,280,280,280,280,280,280,280,280,280,280,280,280,280,280]
["195","Inbound","Great North Road",280,280,280,280,280,280,280,280,280,280,280,280,280,280,280,280,280,280,280,280,280,280,280,280,280,280,280,280,280,280,280]
["195","Outbound","Great North Road",140,140,140,140,140,140,140,140,140,140,140,140,140,140,140,140,140,140,140,140,140,140,140,140,140,140,140,140,140,140,140]
["209","Inbound","Green Bay",210,210,210,210,210,210,210,210,210,210,210,210,210,210,210,210,210,210,210,210,210,210,210,210,210,210,210,210,210,210,210]

{"sheet":"Routes - Vehicle Capacity","index":5,"n_rows":78,"n_cols":34,"rows_kept":78,"cut":false,"hidden":false,"merged":[]}
["Route Name","Direction","Route Group",{"$f":"'Input Summary'!$H$5","v":2016},{"$f":"IF(IFERROR(D$1+1<='Input Summary'!$H$6,FALSE),D$1+1,\"\")","v":2017},{"$f":"IF(IFERROR(E$1+1<='Input Summary'!$H$6,FALSE),E$1+1,\"\")","v":2018},{"$f":"IF(IFERROR(F$1+1<='Input Summary'!$H$6,FALSE),F$1+1,\"\")","v":2019},{"$f":"IF(IFERROR(G$1+1<='Input Summary'!$H$6,FALSE),G$1+1,\"\")","v":2020},{"$f":"IF(IFERROR(H$1+1<='Input Summary'!$H$6,FALSE),H$1+1,\"\")","v":2021},{"$f":"IF(IFERROR(I$1+1<='Input Summary'!$H$6,FALSE),I$1+1,\"\")","v":2022},{"$f":"IF(IFERROR(J$1+1<='Input Summary'!$H$6,FALSE),J$1+1,\"\")","v":2023},{"$f":"IF(IFERROR(K$1+1<='Input Summary'!$H$6,FALSE),K$1+1,\"\")","v":2024},{"$f":"IF(IFERROR(L$1+1<='Input Summary'!$H$6,FALSE),L$1+1,\"\")","v":2025},{"$f":"IF(IFERROR(M$1+1<='Input Summary'!$H$6,FALSE),M$1+1,\"\")","v":2026},{"$f":"IF(IFERROR(N$1+1<='Input Summary'!$H$6,FALSE),N$1+1,\"\")","v":2027},{"$f":"IF(IFERROR(O$1+1<='Input Summary'!$H$6,FALSE),O$1+1,\"\")","v":2028},{"$f":"IF(IFERROR(P$1+1<='Input Summary'!$H$6,FALSE),P$1+1,\"\")","v":2029},{"$f":"IF(IFERROR(Q$1+1<='Input Summary'!$H$6,FALSE),Q$1+1,\"\")","v":2030},{"$f":"IF(IFERROR(R$1+1<='Input Summary'!$H$6,FALSE),R$1+1,\"\")","v":2031},{"$f":"IF(IFERROR(S$1+1<='Input Summary'!$H$6,FALSE),S$1+1,\"\")","v":2032},{"$f":"IF(IFERROR(T$1+1<='Input Summary'!$H$6,FALSE),T$1+1,\"\")","v":2033},{"$f":"IF(IFERROR(U$1+1<='Input Summary'!$H$6,FALSE),U$1+1,\"\")","v":2034},{"$f":"IF(IFERROR(V$1+1<='Input Summary'!$H$6,FALSE),V$1+1,\"\")","v":2035},{"$f":"IF(IFERROR(W$1+1<='Input Summary'!$H$6,FALSE),W$1+1,\"\")","v":2036},{"$f":"IF(IFERROR(X$1+1<='Input Summary'!$H$6,FALSE),X$1+1,\"\")","v":2037},{"$f":"IF(IFERROR(Y$1+1<='Input Summary'!$H$6,FALSE),Y$1+1,\"\")","v":2038},{"$f":"IF(IFERROR(Z$1+1<='Input Summary'!$H$6,FALSE),Z$1+1,\"\")","v":2039},{"$f":"IF(IFERROR(AA$1+1<='Input Summary'!$H$6,FALSE),AA$1+1,\"\")","v":2040},{"$f":"IF(IFERROR(AB$1+1<='Input Summary'!$H$6,FALSE),AB$1+1,\"\")","v":2041},{"$f":"IF(IFERROR(AC$1+1<='Input Summary'!$H$6,FALSE),AC$1+1,\"\")","v":2042},{"$f":"IF(IFERROR(AD$1+1<='Input Summary'!$H$6,FALSE),AD$1+1,\"\")","v":2043},{"$f":"IF(IFERROR(AE$1+1<='Input Summary'!$H$6,FALSE),AE$1+1,\"\")","v":2044},{"$f":"IF(IFERROR(AF$1+1<='Input Summary'!$H$6,FALSE),AF$1+1,\"\")","v":2045},{"$f":"IF(IFERROR(AG$1+1<='Input Summary'!$H$6,FALSE),AG$1+1,\"\")","v":2046}]
["Airbus","Inbound","Airbus",70,70,70,70,70,70,70,70,70,70,70,70,70,70,70,70,70,70,70,70,70,70,70,70,70,70,70,70,70,70,70]
["Airbus","Outbound","Airbus",70,70,70,70,70,70,70,70,70,70,70,70,70,70,70,70,70,70,70,70,70,70,70,70,70,70,70,70,70,70,70]
["City Link","Inbound","City Link",82,84,86,88,88,88,90,92,94,96,98,100,102,102,102,102,102,102,102,102,102,102,102,102,102,102,102,102,102,102,102]
["Inner Link","Inbound","Inner Link",82,84,86,88,88,88,90,92,94,96,98,100,102,102,102,102,102,102,102,102,102,102,102,102,102,102,102,102,102,102,102]
["Inner Link","Outbound","Inner Link",82,84,86,88,88,88,90,92,94,96,98,100,102,102,102,102,102,102,102,102,102,102,102,102,102,102,102,102,102,102,102]
["Crosstown 4 peak","Inbound","Manukau Road",70,70,70,70,70,70,70,70,70,70,70,70,70,70,70,70,70,70,70,70,70,70,70,70,70,70,70,70,70,70,70]
["Crosstown 4","Inbound","Manukau Road / Jervois Road",110,110,110,110,110,110,110,110,110,110,110,110,110,110,110,110,110,110,110,110,110,110,110,110,110,110,110,110,110,110,110]
["Crosstown 4","Outbound","Manukau Road / Jervois Road",110,110,110,110,110,110,110,110,110,110,110,110,110,110,110,110,110,110,110,110,110,110,110,110,110,110,110,110,110,110,110]
["309 & 309X","Inbound","Manukau Road",70,70,70,70,70,70,70,70,70,70,70,70,70,70,70,70,70,70,70,70,70,70,70,70,70,70,70,70,70,70,70]
["309 & 309X","Outbound","Manukau Road",70,70,70,70,70,70,70,70,70,70,70,70,70,70,70,70,70,70,70,70,70,70,70,70,70,70,70,70,70,70,70]
["101","Inbound","Jervois Road",70,70,70,70,70,70,70,70,70,70,70,70,70,70,70,70,70,70,70,70,70,70,70,70,70,70,70,70,70,70,70]
["105","Inbound","Richmond Road",70,70,70,70,70,70,70,70,70,70,70,70,70,70,70,70,70,70,70,70,70,70,70,70,70,70,70,70,70,70,70]
["105","Outbound","Richmond Road",70,70,70,70,70,70,70,70,70,70,70,70,70,70,70,70,70,70,70,70,70,70,70,70,70,70,70,70,70,70,70]
["106","Inbound","Freemans Bay",55,55,55,55,55,55,55,55,55,55,55,55,55,55,55,55,55,55,55,55,55,55,55,55,55,55,55,55,55,55,55]
["106","Outbound","Freemans Bay",55,55,55,55,55,55,55,55,55,55,55,55,55,55,55,55,55,55,55,55,55,55,55,55,55,55,55,55,55,55,55]
["Crosstown 5","Inbound","Mount Eden Crosstown",70,70,70,70,70,70,70,70,70,70,70,70,70,70,70,70,70,70,70,70,70,70,70,70,70,70,70,70,70,70,70]
["Crosstown 5","Outbound","Mount Eden Crosstown",70,70,70,70,70,70,70,70,70,70,70,70,70,70,70,70,70,70,70,70,70,70,70,70,70,70,70,70,70,70,70]
["18","Inbound","Great North Road",85,88,90,93,93,93,95,98,100,103,105,108,110,110,110,110,110,110,110,110,110,110,110,110,110,110,110,110,110,110,110]
["18","Outbound","Great North Road",110,110,110,110,110,110,110,110,110,110,110,110,110,110,110,110,110,110,110,110,110,110,110,110,110,110,110,110,110,110,110]
["22a & b","Inbound","New North Road",85,88,90,93,93,93,95,98,100,103,105,108,110,110,110,110,110,110,110,110,110,110,110,110,110,110,110,110,110,110,110]
["22a & b","Outbound","New North Road",110,110,110,110,110,110,110,110,110,110,110,110,110,110,110,110,110,110,110,110,110,110,110,110,110,110,110,110,110,110,110]
["24a & b","Inbound","Sandringham Road",77,80,83.333333333333329,87,87,87,90,94,97,100,104,107,110,110,110,110,110,110,110,110,110,110,110,110,110,110,110,110,110,110,110]
["24a & b","Outbound","Sandringham Road",110,110,110,110,110,110,110,110,110,110,110,110,110,110,110,110,110,110,110,110,110,110,110,110,110,110,110,110,110,110,110]
["25 & 26","Inbound","Dominion Road",85,88,90,93,93,93,95,98,100,103,105,108,110,110,110,110,110,110,110,110,110,110,110,110,110,110,110,110,110,110,110]
["25 & 26","Outbound","Dominion Road",110,110,110,110,110,110,110,110,110,110,110,110,110,110,110,110,110,110,110,110,110,110,110,110,110,110,110,110,110,110,110]
["27","Inbound","Mount Eden Road",77,80,82,85,85,85,88,90,93,96,98,101,103.33333333333333,104,105,106,106,107,108,108,109,110,110,110,110,110,110,110,110,110,110]
["27","Outbound","Mount Eden Road",110,110,110,110,110,110,110,110,110,110,110,110,110,110,110,110,110,110,110,110,110,110,110,110,110,110,110,110,110,110,110]
["321","Inbound","Otahuhu to City via Hospitals",70,70,70,70,70,70,70,70,70,70,70,70,70,70,70,70,70,70,70,70,70,70,70,70,70,70,70,70,70,70,70]
["321","Outbound","Otahuhu to City via Hospitals",70,70,70,70,70,70,70,70,70,70,70,70,70,70,70,70,70,70,70,70,70,70,70,70,70,70,70,70,70,70,70]
["295","Inbound","Gillies Ave",70,70,70,70,70,70,70,70,70,70,70,70,70,70,70,70,70,70,70,70,70,70,70,70,70,70,70,70,70,70,70]
["295","Outbound","Gillies Ave",70,70,70,70,70,70,70,70,70,70,70,70,70,70,70,70,70,70,70,70,70,70,70,70,70,70,70,70,70,70,70]
["70","Inbound","Remuera Road",70,70,70,70,70,70,70,70,70,70,70,70,70,70,70,70,70,70,70,70,70,70,70,70,70,70,70,70,70,70,70]
["70","Outbound","Remuera Road",70,70,70,70,70,70,70,70,70,70,70,70,70,70,70,70,70,70,70,70,70,70,70,70,70,70,70,70,70,70,70]
["701","Inbound","Remuera Road",70,70,70,70,70,70,70,70,70,70,70,70,70,70,70,70,70,70,70,70,70,70,70,70,70,70,70,70,70,70,70]
["703","Inbound","Portland Road",70,70,70,70,70,70,70,70,70,70,70,70,70,70,70,70,70,70,70,70,70,70,70,70,70,70,70,70,70,70,70]
["703","Outbound","Portland Road",70,70,70,70,70,70,70,70,70,70,70,70,70,70,70,70,70,70,70,70,70,70,70,70,70,70,70,70,70,70,70]
["761","Inbound","Kepa Road",70,70,70,70,70,70,70,70,70,70,70,70,70,70,70,70,70,70,70,70,70,70,70,70,70,70,70,70,70,70,70]
["77","Inbound","Tamaki Drive",70,70,70,70,70,70,70,70,70,70,70,70,70,70,70,70,70,70,70,70,70,70,70,70,70,70,70,70,70,70,70]
["77","Outbound","Tamaki Drive",70,70,70,70,70,70,70,70,70,70,70,70,70,70,70,70,70,70,70,70,70,70,70,70,70,70,70,70,70,70,70]
["774 & 775","Inbound","Tamaki Drive",70,70,70,70,70,70,70,70,70,70,70,70,70,70,70,70,70,70,70,70,70,70,70,70,70,70,70,70,70,70,70]
["55","Inbound","Howick",110,110,110,110,110,110,110,110,110,110,110,110,110,110,110,110,110,110,110,110,110,110,110,110,110,110,110,110,110,110,110]
["55","Outbound","Howick",110,110,110,110,110,110,110,110,110,110,110,110,110,110,110,110,110,110,110,110,110,110,110,110,110,110,110,110,110,110,110]
["55 peak","Inbound","Howick",70,70,70,70,70,70,70,70,70,70,70,70,70,70,70,70,70,70,70,70,70,70,70,70,70,70,70,70,70,70,70]
["360X","Inbound","Papakura",55,55,55,55,55,55,55,55,55,55,55,55,55,55,55,55,55,55,55,55,55,55,55,55,55,55,55,55,55,55,55]
["NX1","Inbound","NEX",74,77,80.666666666666671,85,85,85,88,92,96,99,103,107,110,110,110,110,110,110,110,110,110,110,110,110,110,110,110,110,110,110,110]
["NX1","Outbound","NEX",110,110,110,110,110,110,110,110,110,110,110,110,110,110,110,110,110,110,110,110,110,110,110,110,110,110,110,110,110,110,110]
["NX2","Inbound","NEX",74,77,80.666666666666671,85,85,85,88,92,96,99,103,107,110,110,110,110,110,110,110,110,110,110,110,110,110,110,110,110,110,110,110]
["NX2","Outbound","NEX",110,110,110,110,110,110,110,110,110,110,110,110,110,110,110,110,110,110,110,110,110,110,110,110,110,110,110,110,110,110,110]
["Hibiscus Coast","Inbound","Hibiscus Coast Express",70,70,70,70,70,70,70,70,70,70,70,70,70,70,70,70,70,70,70,70,70,70,70,70,70,70,70,70,70,70,70]
["NX3","Inbound","NEX",70,70,70,75,75,75,80,85,90,95,100,105,110,110,110,110,110,110,110,110,110,110,110,110,110,110,110,110,110,110,110]
["NX3","Outbound","NEX",70,70,70,75,75,75,80,85,90,95,100,105,110,110,110,110,110,110,110,110,110,110,110,110,110,110,110,110,110,110,110]
["n4 & n4a","Inbound","Takapuna / Hillcrest",70,70,70,70,70,70,70,70,70,70,70,70,70,70,70,70,70,70,70,70,70,70,70,70,70,70,70,70,70,70,70]
["n4 & n4a","Outbound","Takapuna / Hillcrest",70,70,70,70,70,70,70,70,70,70,70,70,70,70,70,70,70,70,70,70,70,70,70,70,70,70,70,70,70,70,70]
["n23a & b","Inbound","Takapuna / Hillcrest",70,70,70,70,70,70,70,70,70,70,70,70,70,70,70,70,70,70,70,70,70,70,70,70,70,70,70,70,70,70,70]
["n23a & b","Outbound","Takapuna / Hillcrest",70,70,70,70,70,70,70,70,70,70,70,70,70,70,70,70,70,70,70,70,70,70,70,70,70,70,70,70,70,70,70]
["n11","Inbound","North Shore peak",55,55,55,55,55,55,55,55,55,55,55,55,55,55,55,55,55,55,55,55,55,55,55,55,55,55,55,55,55,55,55]
["n8a & b","Inbound","Onewa Road",88,90,92.222222222222229,95,95,95,97,99,102,104,106,108,110,110,110,110,110,110,110,110,110,110,110,110,110,110,110,110,110,110,110]
["n8a & b","Outbound","Onewa Road",110,110,110,110,110,110,110,110,110,110,110,110,110,110,110,110,110,110,110,110,110,110,110,110,110,110,110,110,110,110,110]
["n81","Inbound","North Shore peak",70,70,70,70,70,70,70,70,70,70,70,70,70,70,70,70,70,70,70,70,70,70,70,70,70,70,70,70,70,70,70]
["n9a & b","Inbound","Onewa Road",92,94,95,97,97,97,99,101,103,105,107,109,110,110,110,110,110,110,110,110,110,110,110,110,110,110,110,110,110,110,110]
["n9a & b","Outbound","Onewa Road",110,110,110,110,110,110,110,110,110,110,110,110,110,110,110,110,110,110,110,110,110,110,110,110,110,110,110,110,110,110,110]
["n91","Inbound","North Shore peak",70,70,70,70,70,70,70,70,70,70,70,70,70,70,70,70,70,70,70,70,70,70,70,70,70,70,70,70,70,70,70]
["n92","Inbound","North Shore peak",70,70,70,70,70,70,70,70,70,70,70,70,70,70,70,70,70,70,70,70,70,70,70,70,70,70,70,70,70,70,70]
["n93","Inbound","Onewa Road",70,70,70,70,70,70,70,70,70,70,70,70,70,70,70,70,70,70,70,70,70,70,70,70,70,70,70,70,70,70,70]
["n93","Outbound","Onewa Road",70,70,70,70,70,70,70,70,70,70,70,70,70,70,70,70,70,70,70,70,70,70,70,70,70,70,70,70,70,70,70]
["110","Inbound","Westgate",110,110,110,110,110,110,110,110,110,110,110,110,110,110,110,110,110,110,110,110,110,110,110,110,110,110,110,110,110,110,110]
["110","Outbound","Westgate",110,110,110,110,110,110,110,110,110,110,110,110,110,110,110,110,110,110,110,110,110,110,110,110,110,110,110,110,110,110,110]
["125X","Inbound","Westgate",70,70,70,75,75,75,80,85,90,95,100,105,110,110,110,110,110,110,110,110,110,110,110,110,110,110,110,110,110,110,110]
["129","Inbound","Massey West",70,70,70,70,70,70,70,70,70,70,70,70,70,70,70,70,70,70,70,70,70,70,70,70,70,70,70,70,70,70,70]
["Red Hills","Inbound","Red Hills",70,70,70,70,70,70,70,70,70,70,70,70,70,70,70,70,70,70,70,70,70,70,70,70,70,70,70,70,70,70,70]
["132X","Inbound","Te Atatu Peninsula",70,70,70,70,70,70,70,70,70,70,70,70,70,70,70,70,70,70,70,70,70,70,70,70,70,70,70,70,70,70,70]
["133X","Inbound","Henderson",70,70,70,70,70,70,70,70,70,70,70,70,70,70,70,70,70,70,70,70,70,70,70,70,70,70,70,70,70,70,70]
["151X","Inbound","West Express",70,70,70,70,70,70,70,70,70,70,70,70,70,70,70,70,70,70,70,70,70,70,70,70,70,70,70,70,70,70,70]
["171X & 172X","Inbound","West Express",70,70,70,70,70,70,70,70,70,70,70,70,70,70,70,70,70,70,70,70,70,70,70,70,70,70,70,70,70,70,70]
["195","Inbound","Great North Road",70,70,70,70,70,70,70,70,70,70,70,70,70,70,70,70,70,70,70,70,70,70,70,70,70,70,70,70,70,70,70]
["195","Outbound","Great North Road",70,70,70,70,70,70,70,70,70,70,70,70,70,70,70,70,70,70,70,70,70,70,70,70,70,70,70,70,70,70,70]
["209","Inbound","Green Bay",70,70,70,70,70,70,70,70,70,70,70,70,70,70,70,70,70,70,70,70,70,70,70,70,70,70,70,70,70,70,70]

{"sheet":"Routes - Corridors","index":6,"n_rows":80,"n_cols":65,"rows_kept":80,"cut":false,"hidden":false,"merged":[]}
[null,null,"Corridor Name","Anzac Ave","Anzac Ave","Symonds Street (Anzac to Wellesley)","Symonds Street (Anzac to Wellesley)","Symonds Street (Wellesley to K Rd)","Symonds Street (Wellesley to K Rd)","Symonds Street (Wellesley to K Rd)","Symonds Street (Wellesley to K Rd)","Symonds Street Upper","Symonds Street Upper","Wellesley Street","Wellesley Street","Wellesley Street","Wellesley Street","Wellesley Street","Wellesley Street","Fanshawe Street (Halsey to Albert)","Fanshawe Street (Halsey to Albert)","Fanshawe Street (Halsey to Albert)","Fanshawe Street (Halsey to Albert)","Fanshawe Street (Victoria Park)","Fanshawe Street (Victoria Park)","Fanshawe Street (Victoria Park)","Fanshawe Street (Victoria Park)","Fanshawe Street (Victoria Park)","Fanshawe Street (Victoria Park)","Queen Street (Customs to Mayoral)","Queen Street (Customs to Mayoral)","Queen Street (Mayoral to K Rd)","Queen Street (Mayoral to K Rd)","Albert Street","Albert Street","Beach Road","Beach Road","Victoria Street","Victoria Street","College Hill","College Hill","Beaumont Street","Beaumont Street","K Road (Pitt to Ponsonby)","K Road (Pitt to Ponsonby)","K Road (Queen to Symonds)","K Road (Queen to Symonds)","K Road (Pitt to Queen)","K Road (Pitt to Queen)","Pitt Street","Pitt Street","Great North Road","Great North Road","Grafton Bridge","Grafton Bridge","Grafton Bridge","Grafton Bridge","Park Road","Park Road","Park Road","Park Road","Khyber Pass","Khyber Pass","Grafton Road","Grafton Road"]
[null,null,"Direction","North","South","North","South","North","North","South","South","North","South","East","East","East","West","West","West","East","East","West","West","East","East","East","West","West","West","North","South","North","South","North","South","East","West","East","West","East","West","North","South","East","West","East","West","East","West","North","South","East","West","East","East","West","West","East","East","West","West","East","West","North","South"]
["Route Name","Direction","Group","All routes","All routes","All routes","All routes","Britomart-bound","Wynyard-bound","Grafton","Upper Symonds","All routes","All routes","North Shore","Isthmus","Crosstown","North Shore","Isthmus","Crosstown","North Shore to Britomart","Link","North Shore","Link","NS to Britomart","NS to University","Isthmus/Link","NEX","Isthmus/Link","North Shore","All routes","All routes","All routes","All routes","All routes","All routes","All routes","All routes","All routes","All routes","All routes","All routes","All routes","All routes","All routes","All routes","All routes","All routes","All routes","All routes","All routes","All routes","All routes","All routes","Other","To 277","Britomart-bound","Wynyard/Ponsonby","Other","To 277","Britomart-bound","Wynyard/Ponsonby","All routes","All routes","All routes","All routes"]
["Airbus","Inbound","Airbus","No","No","No","No","No","No","No","No","No","No","No","No","No","No","No","No","No","No","No","No","No","No","No","No","No","No","Yes","No","Yes","No","No","No","No","No","No","No","No","No","No","No","No","No","No","No","No","No","No","No","No","No","No","No","No","No","No","No","No","No","No","No","No","No"]
["Airbus","Outbound","Airbus","No","No","No","No","No","No","No","No","No","No","No","No","No","No","No","No","No","No","No","No","No","No","No","No","No","No","No","Yes","No","Yes","No","No","No","No","No","No","No","No","No","No","No","No","No","No","No","No","No","No","No","No","No","No","No","No","No","No","No","No","No","No","No","No"]
["City Link","Inbound","City Link","No","No","No","No","No","No","No","No","No","No","No","No","No","No","No","No","No","Yes","No","Yes","No","No","Yes","No","Yes","No","Yes","Yes","Yes","Yes","No","No","No","No","No","No","No","No","No","No","No","No","No","No","Yes","No","No","Yes","No","No","No","No","No","No","No","No","No","No","No","No","No","No"]
["Inner Link","Inbound","Inner Link","No","No","No","No","No","No","No","No","No","No","No","No","No","No","No","No","No","Yes","No","No","No","No","Yes","No","No","No","No","No","No","No","No","No","Yes","No","No","No","Yes","No","Yes","No","No","Yes","No","Yes","No","Yes","No","No","No","No","No","No","Yes","No","No","No","Yes","No","No","No","No","No"]
["Inner Link","Outbound","Inner Link","No","No","No","No","No","No","No","No","No","No","No","No","No","No","No","No","No","No","No","Yes","No","No","No","No","Yes","No","No","No","No","No","No","No","No","Yes","No","No","No","Yes","No","Yes","Yes","No","Yes","No","Yes","No","No","No","No","No","No","Yes","No","No","No","Yes","No","No","No","No","No","No"]
["Crosstown 4 peak","Inbound","Manukau Road","No","No","No","No","No","No","No","No","No","No","No","No","No","No","No","Yes","No","No","No","No","No","No","No","No","No","No","No","No","No","No","No","No","No","No","No","Yes","No","No","No","No","No","No","No","No","No","No","No","No","No","No","No","No","No","No","No","No","No","No","No","No","Yes","No"]
["Crosstown 4","Inbound","Manukau Road / Jervois Road","No","No","No","No","No","No","No","No","No","No","No","No","No","No","No","Yes","No","No","No","No","No","No","No","No","No","No","No","No","No","No","No","No","No","No","No","Yes","Yes","No","No","No","No","No","No","No","No","No","No","No","No","No","No","No","No","No","No","No","No","No","No","No","Yes","No"]
["Crosstown 4","Outbound","Manukau Road / Jervois Road","No","No","No","No","No","No","No","No","No","No","No","No","Yes","No","No","No","No","No","No","No","No","No","No","No","No","No","No","No","No","No","No","No","No","No","Yes","No","No","Yes","No","No","No","No","No","No","No","No","No","No","No","No","No","No","No","No","No","No","No","No","No","No","No","Yes"]
["309 & 309X","Inbound","Manukau Road","No","No","No","No","No","Yes","No","No","No","No","No","No","No","No","Yes","No","No","No","No","No","No","No","No","No","Yes","No","No","No","No","No","No","No","No","No","No","No","No","No","No","No","No","No","No","No","No","No","No","No","No","No","No","No","No","Yes","No","No","No","Yes","No","No","No","No"]
["309 & 309X","Outbound","Manukau Road","No","No","No","No","No","No","Yes","No","No","No","No","Yes","No","No","No","No","No","No","No","No","No","No","Yes","No","No","No","No","No","No","No","No","No","No","No","No","No","No","No","No","No","No","No","No","No","No","No","No","No","No","No","No","Yes","No","No","No","Yes","No","No","No","No","No","No"]
[101,"Inbound","Jervois Road","No","No","No","No","No","No","No","No","No","No","No","No","Yes","No","No","No","No","No","No","No","No","No","No","No","No","No","No","No","No","No","No","No","No","No","Yes","No","Yes","No","No","No","No","No","No","No","No","No","No","No","No","No","No","No","No","No","No","No","No","No","No","No","No","No"]
[105,"Inbound","Richmond Road","No","No","No","No","No","No","No","No","No","No","No","No","No","No","No","No","No","No","No","No","No","No","No","No","No","No","No","No","No","No","Yes","No","No","No","No","No","No","No","No","No","No","No","No","No","No","No","Yes","No","No","No","No","No","No","No","No","No","No","No","No","No","No","No"]
[105,"Outbound","Richmond Road","No","No","No","No","No","No","No","No","No","No","No","No","No","No","No","No","No","No","No","No","No","No","No","No","No","No","No","No","No","No","No","Yes","No","No","No","No","No","No","No","No","No","No","No","No","No","No","No","Yes","No","No","No","No","No","No","No","No","No","No","No","No","No","No"]
[106,"Inbound","Freemans Bay","No","No","No","No","No","No","No","No","No","No","No","No","No","No","No","No","No","No","No","No","No","No","No","No","No","No","No","No","No","No","No","No","No","No","No","No","No","No","No","No","Yes","No","No","No","No","No","Yes","No","No","No","No","No","No","No","No","No","No","No","No","No","No","No"]
[106,"Outbound","Freemans Bay","No","No","No","No","No","No","No","No","No","No","No","No","No","No","No","No","No","No","No","No","No","No","No","No","No","No","No","No","No","No","No","No","No","No","No","No","No","No","No","No","No","No","No","No","No","No","No","No","No","No","No","No","No","No","No","No","No","No","No","No","No","No"]
["Crosstown 5","Inbound","Mount Eden Crosstown","No","No","No","No","No","No","No","No","No","No","No","No","No","No","No","No","No","No","No","No","No","No","No","No","No","No","No","No","No","No","No","No","No","No","No","No","Yes","No","Yes","No","No","No","No","No","No","No","No","No","No","No","No","No","No","No","No","No","No","No","No","No","No","No"]
["Crosstown 5","Outbound","Mount Eden Crosstown","No","No","No","No","No","No","No","No","No","No","No","No","No","No","No","No","No","No","No","No","No","No","No","No","No","No","No","No","No","No","No","No","No","No","No","No","No","Yes","No","Yes","No","No","No","No","No","No","No","No","No","No","No","No","No","No","No","No","No","No","No","No","No","No"]
[18,"Inbound","Great North Road","No","No","No","No","No","No","No","No","No","No","No","No","No","No","No","No","No","No","No","No","No","No","No","No","No","No","No","No","No","No","Yes","No","No","No","No","No","No","No","No","No","Yes","No","No","No","No","No","Yes","No","Yes","No","No","No","No","No","No","No","No","No","No","No","No","No"]
[18,"Outbound","Great North Road","No","No","No","No","No","No","No","No","No","No","No","No","No","No","No","No","No","No","No","No","No","No","No","No","No","No","No","No","No","No","No","Yes","No","No","No","No","No","No","No","No","No","Yes","No","No","No","No","No","Yes","No","Yes","No","No","No","No","No","No","No","No","No","No","No","No"]
["22a & b","Inbound","New North Road","No","No","No","No","No","Yes","No","No","Yes","No","No","No","No","No","Yes","No","No","No","No","No","No","No","No","No","Yes","No","No","No","No","No","No","No","No","No","No","No","No","No","No","No","No","No","No","No","No","No","No","No","No","No","No","No","No","No","No","No","No","No","No","No","No","No"]
["22a & b","Outbound","New North Road","No","No","No","No","No","No","No","Yes","No","Yes","No","Yes","No","No","No","No","No","No","No","No","No","No","Yes","No","No","No","No","No","No","No","No","No","No","No","No","No","No","No","No","No","No","No","No","No","No","No","No","No","No","No","No","No","No","No","No","No","No","No","No","No","No","No"]
["24a & b","Inbound","Sandringham Road","No","No","No","No","No","Yes","No","No","Yes","No","No","No","No","No","Yes","No","No","No","No","No","No","No","No","No","Yes","No","No","No","No","No","No","No","No","No","No","No","No","No","No","No","No","No","No","No","No","No","No","No","No","No","No","No","No","No","No","No","No","No","No","No","No","No"]
["24a & b","Outbound","Sandringham Road","No","No","No","No","No","No","No","Yes","No","Yes","No","Yes","No","No","No","No","No","No","No","No","No","No","Yes","No","No","No","No","No","No","No","No","No","No","No","No","No","No","No","No","No","No","No","No","No","No","No","No","No","No","No","No","No","No","No","No","No","No","No","No","No","No","No"]
["25 & 26","Inbound","Dominion Road","No","No","No","No","No","Yes","No","No","Yes","No","No","No","No","No","Yes","No","No","No","No","No","No","No","No","No","Yes","No","No","No","No","No","No","No","No","No","No","No","No","No","No","No","No","No","No","No","No","No","No","No","No","No","No","No","No","No","No","No","No","No","No","No","No","No"]
["25 & 26","Outbound","Dominion Road","No","No","No","No","No","No","No","Yes","No","Yes","No","Yes","No","No","No","No","No","No","No","No","No","No","Yes","No","No","No","No","No","No","No","No","No","No","No","No","No","No","No","No","No","No","No","No","No","No","No","No","No","No","No","No","No","No","No","No","No","No","No","No","No","No","No"]
[27,"Inbound","Mount Eden Road","Yes","No","Yes","No","Yes","No","No","No","Yes","No","No","No","No","No","No","No","No","No","No","No","No","No","No","No","No","No","No","No","No","No","No","No","No","No","No","No","No","No","No","No","No","No","No","No","No","No","No","No","No","No","No","No","No","No","No","No","No","No","No","No","No","No"]
[27,"Outbound","Mount Eden Road","No","Yes","No","Yes","No","No","No","Yes","No","Yes","No","No","No","No","No","No","No","No","No","No","No","No","No","No","No","No","No","No","No","No","No","No","No","No","No","No","No","No","No","No","No","No","No","No","No","No","No","No","No","No","No","No","No","No","No","No","No","No","No","No","No","No"]
[321,"Inbound","Otahuhu to City via Hospitals","Yes","No","Yes","No","No","No","No","No","No","No","No","No","No","No","No","No","No","No","No","No","No","No","No","No","No","No","No","No","No","No","No","No","No","No","No","No","No","No","No","No","No","No","No","No","No","No","No","No","No","No","No","No","No","No","No","No","Yes","No","No","No","Yes","No"]
[321,"Outbound","Otahuhu to City via Hospitals","No","Yes","No","Yes","No","No","No","No","No","No","No","No","No","No","No","No","No","No","No","No","No","No","No","No","No","No","No","No","No","No","No","No","No","No","No","No","No","No","No","No","No","No","No","No","No","No","No","No","No","No","No","No","No","No","Yes","No","No","No","No","No","No","Yes"]
[295,"Inbound","Gillies Ave","No","No","No","No","No","Yes","No","No","No","No","No","No","No","No","Yes","No","No","No","No","No","No","No","No","No","Yes","No","No","No","No","No","No","No","No","No","No","No","No","No","No","No","No","No","No","No","No","No","No","No","No","No","No","No","No","Yes","No","No","No","Yes","No","No","No","No"]
[295,"Outbound","Gillies Ave","No","No","No","No","No","No","Yes","No","No","No","No","Yes","No","No","No","No","No","No","No","No","No","No","Yes","No","No","No","No","No","No","No","No","No","No","No","No","No","No","No","No","No","No","No","No","No","No","No","No","No","No","No","Yes","No","No","No","Yes","No","No","No","No","No","No","No"]
[70,"Inbound","Remuera Road","No","No","No","No","No","Yes","No","No","No","No","No","No","No","No","Yes","No","No","No","No","No","No","No","No","No","Yes","No","No","No","No","No","No","No","No","No","No","No","No","No","No","No","No","No","No","No","No","No","No","No","No","No","No","No","No","Yes","No","No","No","Yes","No","No","No","No"]
[70,"Outbound","Remuera Road","No","No","No","No","No","No","Yes","No","No","No","No","Yes","No","No","No","No","No","No","No","No","No","No","Yes","No","No","No","No","No","No","No","No","No","No","No","No","No","No","No","No","No","No","No","No","No","No","No","No","No","No","No","Yes","No","No","No","Yes","No","No","No","No","No","No","No"]
[701,"Inbound","Remuera Road","No","No","No","No","No","Yes","No","No","No","No","No","No","No","No","Yes","No","No","No","No","No","No","No","No","No","Yes","No","No","No","No","No","No","No","No","No","No","No","No","No","No","No","No","No","No","No","No","No","No","No","No","No","No","No","No","Yes","No","No","No","Yes","No","No","No","No"]
[703,"Inbound","Portland Road","No","No","No","No","No","No","No","No","No","No","No","No","No","No","No","No","No","No","No","No","No","No","No","No","No","No","No","No","No","No","No","No","No","No","No","No","No","No","No","No","No","No","No","No","No","No","No","No","No","No","No","No","No","No","No","No","No","No","No","No","No","No"]
[703,"Outbound","Portland Road","No","No","No","No","No","No","No","No","No","No","No","No","No","No","No","No","No","No","No","No","No","No","No","No","No","No","No","No","No","No","No","No","No","No","No","No","No","No","No","No","No","No","No","No","No","No","No","No","No","No","No","No","No","No","No","No","No","No","No","No","No","No"]
[761,"Inbound","Kepa Road","No","No","No","No","No","No","No","No","No","No","No","No","No","No","No","No","No","No","No","No","No","No","No","No","No","No","No","No","No","No","No","No","No","No","No","No","No","No","No","No","No","No","No","No","No","No","No","No","No","No","No","No","No","No","No","No","No","No","No","No","No","No"]
[77,"Inbound","Tamaki Drive","No","No","No","No","No","No","No","No","No","No","No","No","No","No","No","No","No","No","No","No","No","No","No","No","No","No","No","No","No","No","No","No","No","No","No","No","No","No","No","No","No","No","No","No","No","No","No","No","No","No","No","No","No","No","No","No","No","No","No","No","No","No"]
[77,"Outbound","Tamaki Drive","No","No","No","No","No","No","No","No","No","No","No","No","No","No","No","No","No","No","No","No","No","No","No","No","No","No","No","No","No","No","No","No","No","No","No","No","No","No","No","No","No","No","No","No","No","No","No","No","No","No","No","No","No","No","No","No","No","No","No","No","No","No"]
["774 & 775","Inbound","Tamaki Drive","No","No","No","No","No","No","No","No","No","No","No","No","No","No","No","No","No","No","No","No","No","No","No","No","No","No","No","No","No","No","No","No","No","No","No","No","No","No","No","No","No","No","No","No","No","No","No","No","No","No","No","No","No","No","No","No","No","No","No","No","No","No"]
[55,"Inbound","Howick","Yes","No","Yes","No","Yes","No","No","No","No","No","No","No","No","No","No","No","No","No","No","No","No","No","No","No","No","No","No","No","No","No","No","No","No","No","No","No","No","No","No","No","No","No","No","No","No","No","No","No","No","No","No","No","Yes","No","No","No","Yes","No","No","No","No","No"]
[55,"Outbound","Howick","No","Yes","No","Yes","No","No","Yes","No","No","No","No","No","No","No","No","No","No","No","No","No","No","No","No","No","No","No","No","No","No","No","No","No","No","No","No","No","No","No","No","No","No","No","No","No","No","No","No","No","No","No","No","Yes","No","No","No","Yes","No","No","No","No","No","No"]
["55 peak","Inbound","Howick","Yes","No","Yes","No","Yes","No","No","No","No","No","No","No","No","No","No","No","No","No","No","No","No","No","No","No","No","No","No","No","No","No","No","No","No","No","No","No","No","No","No","No","No","No","No","No","No","No","No","No","No","No","No","No","Yes","No","No","No","Yes","No","No","No","No","No"]
["360X","Inbound","Papakura","Yes","No","Yes","No","Yes","No","No","No","No","No","No","No","No","No","No","No","No","No","No","No","No","No","No","No","No","No","No","No","No","No","No","No","No","No","No","No","No","No","No","No","No","No","No","No","No","No","No","No","No","No","No","No","No","No","No","No","No","No","No","No","No","No"]
["NX1","Inbound","NEX","No","No","No","No","No","No","No","No","No","No","No","No","No","No","No","No","Yes","No","No","No","Yes","No","No","No","No","No","No","No","No","No","No","No","No","No","No","No","No","No","No","No","No","No","No","No","No","No","No","No","No","No","No","No","No","No","No","No","No","No","No","No","No","No"]
["NX1","Outbound","NEX","No","No","No","No","No","No","No","No","No","No","No","No","No","No","No","No","No","No","Yes","No","No","No","No","Yes","No","No","No","No","No","No","No","No","No","No","No","No","No","No","No","No","No","No","No","No","No","No","No","No","No","No","No","No","No","No","No","No","No","No","No","No","No","No"]
["NX2","Inbound","NEX","No","No","No","No","No","No","No","No","No","No","Yes","No","No","No","No","No","No","No","No","No","No","Yes","No","No","No","No","No","No","No","No","No","No","No","No","No","No","No","No","No","No","No","No","No","No","No","No","No","No","No","No","No","No","No","No","No","No","No","No","No","No","No","No"]
["NX2","Outbound","NEX","No","No","No","No","No","No","No","No","No","No","No","No","No","Yes","No","No","No","No","No","No","No","No","No","Yes","No","No","No","No","No","No","No","No","No","No","No","No","No","No","No","No","No","No","No","No","No","No","No","No","No","No","No","No","No","No","No","No","No","No","No","No","No","No"]
["Hibiscus Coast","Inbound","Hibiscus Coast Express","No","No","No","No","No","No","No","No","No","No","No","No","Yes","No","No","No","No","No","No","No","No","Yes","No","No","No","No","No","No","No","No","No","No","No","No","No","No","No","No","No","No","No","No","No","No","No","No","No","No","No","No","No","No","No","No","No","No","No","No","No","No","No","No"]
["NX3","Inbound","NEX","No","No","No","No","No","No","No","No","No","No","No","No","No","No","No","No","No","No","No","No","No","No","No","No","No","No","No","No","No","No","No","No","No","No","No","No","No","No","No","No","Yes","No","Yes","No","Yes","No","No","No","No","No","No","Yes","No","No","No","Yes","No","No","No","No","No","No"]
["NX3","Outbound","NEX","No","No","No","No","No","No","No","No","No","No","No","No","No","No","No","No","No","No","No","No","No","No","No","No","No","No","No","No","No","No","No","No","No","No","No","No","No","No","No","No","No","Yes","No","Yes","No","Yes","No","No","No","No","No","No","Yes","No","No","No","Yes","No","No","No","No","No"]
["n4 & n4a","Inbound","Takapuna / Hillcrest","No","No","No","No","No","No","No","No","No","No","Yes","No","No","No","No","No","No","No","No","No","No","Yes","No","No","No","No","No","No","No","No","No","No","No","No","No","No","No","No","No","No","No","No","No","No","No","No","No","No","No","No","No","No","No","No","No","No","No","No","No","No","No","No"]
["n4 & n4a","Outbound","Takapuna / Hillcrest","No","No","No","No","No","No","No","No","No","No","No","No","No","Yes","No","No","No","No","No","No","No","No","No","No","No","Yes","No","No","No","No","No","No","No","No","No","No","No","No","No","No","No","No","No","No","No","No","No","No","No","No","No","No","No","No","No","No","No","No","No","No","No","No"]
["n23a & b","Inbound","Takapuna / Hillcrest","No","No","No","No","No","No","No","No","No","No","Yes","No","No","No","No","No","No","No","No","No","No","Yes","No","No","No","No","No","No","No","No","No","No","No","No","No","No","No","No","No","No","No","No","No","No","No","No","No","No","No","No","No","No","No","No","No","No","No","No","No","No","No","No"]
["n23a & b","Outbound","Takapuna / Hillcrest","No","No","No","No","No","No","No","No","No","No","No","No","No","Yes","No","No","No","No","No","No","No","No","No","No","No","Yes","No","No","No","No","No","No","No","No","No","No","No","No","No","No","No","No","No","No","No","No","No","No","No","No","No","No","No","No","No","No","No","No","No","No","No","No"]
["n11","Inbound","North Shore peak","No","No","No","No","No","No","No","No","No","No","No","No","Yes","No","No","No","No","No","No","No","No","Yes","No","No","No","No","No","No","No","No","No","No","No","No","No","No","No","No","No","No","No","No","No","No","No","No","No","No","No","No","No","No","No","No","No","No","No","No","No","No","No","No"]
["n8a & b","Inbound","Onewa Road","No","No","No","No","No","No","No","No","No","No","No","No","No","No","No","No","Yes","No","No","No","Yes","No","No","No","No","No","No","No","No","No","No","No","No","No","No","No","No","No","No","No","No","No","No","No","No","No","No","No","No","No","No","No","No","No","No","No","No","No","No","No","No","No"]
["n8a & b","Outbound","Onewa Road","No","No","No","No","No","No","No","No","No","No","No","No","No","No","No","No","No","No","Yes","No","No","No","No","No","No","Yes","No","No","No","No","No","No","No","No","No","No","No","No","No","No","No","No","No","No","No","No","No","No","No","No","No","No","No","No","No","No","No","No","No","No","No","No"]
["n81","Inbound","North Shore peak","No","No","No","No","No","No","No","No","No","No","No","No","Yes","No","No","No","No","No","No","No","No","Yes","No","No","No","No","No","No","No","No","No","No","No","No","No","No","No","No","No","No","No","No","No","No","No","No","No","No","No","No","No","No","No","No","No","No","No","No","No","No","No","No"]
["n9a & b","Inbound","Onewa Road","No","No","No","No","No","No","No","No","No","No","No","No","No","No","No","No","Yes","No","No","No","Yes","No","No","No","No","No","No","No","No","No","No","No","No","No","No","No","No","No","No","No","No","No","No","No","No","No","No","No","No","No","No","No","No","No","No","No","No","No","No","No","No","No"]
["n9a & b","Outbound","Onewa Road","No","No","No","No","No","No","No","No","No","No","No","No","No","No","No","No","No","No","Yes","No","No","No","No","No","No","Yes","No","No","No","No","No","No","No","No","No","No","No","No","No","No","No","No","No","No","No","No","No","No","No","No","No","No","No","No","No","No","No","No","No","No","No","No"]
["n91","Inbound","North Shore peak","No","No","No","No","No","No","No","No","No","No","No","No","Yes","No","No","No","No","No","No","No","No","Yes","No","No","No","No","No","No","No","No","No","No","No","No","No","No","No","No","No","No","No","No","No","No","No","No","No","No","No","No","No","No","No","No","No","No","No","No","No","No","No","No"]
["n92","Inbound","North Shore peak","No","No","No","No","No","No","No","No","No","No","No","No","Yes","No","No","No","No","No","No","No","No","Yes","No","No","No","No","No","No","No","No","No","No","No","No","No","No","No","No","No","No","No","No","No","No","No","No","No","No","No","No","No","No","No","No","No","No","No","No","No","No","No","No"]
["n93","Inbound","Onewa Road","No","No","No","No","No","No","No","No","No","No","No","No","No","No","No","No","No","No","No","No","No","No","No","No","No","No","No","No","No","No","No","No","No","No","No","No","No","No","No","No","Yes","No","Yes","No","Yes","No","No","No","No","No","No","Yes","No","No","No","Yes","No","No","No","No","No","No"]
["n93","Outbound","Onewa Road","No","No","No","No","No","No","No","No","No","No","No","No","No","No","No","No","No","No","No","No","No","No","No","No","No","No","No","No","No","No","No","No","No","No","No","No","No","No","No","No","No","Yes","No","Yes","No","Yes","No","No","No","No","No","No","Yes","No","No","No","Yes","No","No","No","No","No"]
[110,"Inbound","Westgate","No","No","No","No","No","No","No","No","No","No","No","No","No","No","No","No","No","No","No","No","No","No","No","No","No","No","No","No","No","No","Yes","No","No","No","No","No","No","No","No","No","Yes","No","No","No","No","No","Yes","No","Yes","No","No","No","No","No","No","No","No","No","No","No","No","No"]
[110,"Outbound","Westgate","No","No","No","No","No","No","No","No","No","No","No","No","No","No","No","No","No","No","No","No","No","No","No","No","No","No","No","No","No","No","No","Yes","No","No","No","No","No","No","No","No","No","Yes","No","No","No","No","No","Yes","No","Yes","No","No","No","No","No","No","No","No","No","No","No","No"]
["125X","Inbound","Westgate","No","No","No","No","No","No","No","No","No","No","No","No","No","No","No","No","No","No","No","No","No","No","No","No","No","No","No","No","No","No","Yes","No","No","No","No","No","No","No","No","No","No","No","No","No","No","No","No","No","No","No","No","No","No","No","No","No","No","No","No","No","No","No"]
[129,"Inbound","Massey West","No","No","No","No","No","No","No","No","No","No","No","No","No","No","No","No","No","No","No","No","No","No","No","No","No","No","No","No","No","No","Yes","No","No","No","No","No","No","No","No","No","Yes","No","No","No","No","No","Yes","No","Yes","No","No","No","No","No","No","No","No","No","No","No","No","No"]
["Red Hills","Inbound","Red Hills","No","No","No","No","No","No","No","No","No","No","No","No","No","No","No","No","No","No","No","No","No","No","No","No","No","No","No","No","No","No","Yes","No","No","No","No","No","No","No","No","No","No","No","No","No","No","No","No","No","No","No","No","No","No","No","No","No","No","No","No","No","No","No"]
["132X","Inbound","Te Atatu Peninsula","No","No","No","No","No","No","No","No","No","No","No","No","No","No","No","No","No","No","No","No","No","No","No","No","No","No","No","No","No","No","Yes","No","No","No","No","No","No","No","No","No","No","No","No","No","No","No","No","No","No","No","No","No","No","No","No","No","No","No","No","No","No","No"]
["133X","Inbound","Henderson","No","No","No","No","No","No","No","No","No","No","No","No","No","No","No","No","No","No","No","No","No","No","No","No","No","No","No","No","No","No","Yes","No","No","No","No","No","No","No","No","No","No","No","No","No","No","No","No","No","No","No","No","No","No","No","No","No","No","No","No","No","No","No"]
["151X","Inbound","West Express","No","No","No","No","No","No","No","No","No","No","No","No","No","No","No","No","No","No","No","No","No","No","No","No","No","No","No","No","No","No","Yes","No","No","No","No","No","No","No","No","No","No","No","No","No","No","No","No","No","No","No","No","No","No","No","No","No","No","No","No","No","No","No"]
["171X & 172X","Inbound","West Express","No","No","No","No","No","No","No","No","No","No","No","No","No","No","No","No","No","No","No","No","No","No","No","No","No","No","No","No","No","No","Yes","No","No","No","No","No","No","No","No","No","No","No","No","No","No","No","No","No","No","No","No","No","No","No","No","No","No","No","No","No","No","No"]
[195,"Inbound","Great North Road","No","No","No","No","No","No","No","No","No","No","No","No","No","No","No","No","No","No","No","No","No","No","No","No","No","No","No","No","No","No","Yes","No","No","No","No","No","No","No","No","No","Yes","No","No","No","No","No","Yes","No","Yes","No","No","No","No","No","No","No","No","No","No","No","No","No"]
[195,"Outbound","Great North Road","No","No","No","No","No","No","No","No","No","No","No","No","No","No","No","No","No","No","No","No","No","No","No","No","No","No","No","No","No","No","No","Yes","No","No","No","No","No","No","No","No","No","Yes","No","No","No","No","No","Yes","No","Yes","No","No","No","No","No","No","No","No","No","No","No","No"]
[209,"Inbound","Green Bay","No","No","No","No","No","No","No","No","No","No","No","No","No","No","No","No","No","No","No","No","No","No","No","No","No","No","No","No","No","No","Yes","No","No","No","No","No","No","No","No","No","Yes","No","No","No","No","No","Yes","No","Yes","No","No","No","No","No","No","No","No","No","No","No","No","No"]

{"sheet":"Routes - Termini","index":7,"n_rows":79,"n_cols":11,"rows_kept":79,"cut":false,"hidden":false,"merged":[]}
[null,"Return to Summary Sheet","Terminus Name","Wynyard Quarter","Britomart West","Britomart West","Britomart East","Britomart East","Britomart East","University","Victoria Park"]
["Route Name","Direction","Group","Isthmus/Link","West/Northwest","North Shore","Mt Eden/Hospitals","Tamaki Drive","AMETI","All routes","All routes"]
["Airbus","Inbound","Airbus","No","No","No","No","No","No","No","No"]
["Airbus","Outbound","Airbus","No","No","No","No","No","No","No","No"]
["City Link","Inbound","City Link","Yes","No","No","No","No","No","No","No"]
["Inner Link","Inbound","Inner Link","No","No","No","No","No","No","No","No"]
["Inner Link","Outbound","Inner Link","No","No","No","No","No","No","No","No"]
["Crosstown 4 peak","Inbound","Manukau Road","No","No","No","No","No","No","No","Yes"]
["Crosstown 4","Inbound","Manukau Road / Jervois Road","No","No","No","No","No","No","No","No"]
["Crosstown 4","Outbound","Manukau Road / Jervois Road","No","No","No","No","No","No","No","No"]
["309 & 309X","Inbound","Manukau Road","Yes","No","No","No","No","No","No","No"]
["309 & 309X","Outbound","Manukau Road","No","No","No","No","No","No","No","No"]
["101","Inbound","Jervois Road","No","No","No","No","No","No","Yes","No"]
["105","Inbound","Richmond Road","No","Yes","No","No","No","No","No","No"]
["105","Outbound","Richmond Road","No","No","No","No","No","No","No","No"]
["106","Inbound","Freemans Bay","No","Yes","No","No","No","No","No","No"]
["106","Outbound","Freemans Bay","No","No","No","No","No","No","No","No"]
["Crosstown 5","Inbound","Mount Eden Crosstown","No","No","No","No","No","No","No","No"]
["Crosstown 5","Outbound","Mount Eden Crosstown","No","No","No","No","No","No","No","No"]
["18","Inbound","Great North Road","No","Yes","No","No","No","No","No","No"]
["18","Outbound","Great North Road","No","No","No","No","No","No","No","No"]
["22a & b","Inbound","New North Road","Yes","No","No","No","No","No","No","No"]
["22a & b","Outbound","New North Road","No","No","No","No","No","No","No","No"]
["24a & b","Inbound","Sandringham Road","Yes","No","No","No","No","No","No","No"]
["24a & b","Outbound","Sandringham Road","No","No","No","No","No","No","No","No"]
["25 & 26","Inbound","Dominion Road","Yes","No","No","No","No","No","No","No"]
["25 & 26","Outbound","Dominion Road","No","No","No","No","No","No","No","No"]
["27","Inbound","Mount Eden Road","No","No","No","Yes","No","No","No","No"]
["27","Outbound","Mount Eden Road","No","No","No","No","No","No","No","No"]
["321","Inbound","Otahuhu to City via Hospitals","No","No","No","Yes","No","No","No","No"]
["321","Outbound","Otahuhu to City via Hospitals","No","No","No","No","No","No","No","No"]
["295","Inbound","Gillies Ave","Yes","No","No","No","No","No","No","No"]
["295","Outbound","Gillies Ave","No","No","No","No","No","No","No","No"]
["70","Inbound","Remuera Road","Yes","No","No","No","No","No","No","No"]
["70","Outbound","Remuera Road","No","No","No","No","No","No","No","No"]
["701","Inbound","Remuera Road","Yes","No","No","No","No","No","No","No"]
["703","Inbound","Portland Road","No","No","No","No","Yes","No","No","No"]
["703","Outbound","Portland Road","No","No","No","No","No","No","No","No"]
["761","Inbound","Kepa Road","No","No","No","No","Yes","No","No","No"]
["77","Inbound","Tamaki Drive","No","No","No","No","Yes","No","No","No"]
["77","Outbound","Tamaki Drive","No","No","No","No","No","No","No","No"]
["774 & 775","Inbound","Tamaki Drive","No","No","No","No","Yes","No","No","No"]
["55","Inbound","Howick","No","No","No","No","No","Yes","No","No"]
["55","Outbound","Howick","No","No","No","No","No","No","No","No"]
["55 peak","Inbound","Howick","No","No","No","No","No","Yes","No","No"]
["360X","Inbound","Papakura","No","No","No","No","No","Yes","No","No"]
["NX1","Inbound","NEX","No","No","Yes","No","No","No","No","No"]
["NX1","Outbound","NEX","No","No","No","No","No","No","No","No"]
["NX2","Inbound","NEX","No","No","No","No","No","No","Yes","No"]
["NX2","Outbound","NEX","No","No","No","No","No","No","No","No"]
["Hibiscus Coast","Inbound","Hibiscus Coast Express","No","No","No","No","No","No","Yes","No"]
["NX3","Inbound","NEX","No","No","No","No","No","No","No","No"]
["NX3","Outbound","NEX","No","No","No","No","No","No","No","No"]
["n4 & n4a","Inbound","Takapuna / Hillcrest","No","No","No","No","No","No","Yes","No"]
["n4 & n4a","Outbound","Takapuna / Hillcrest","No","No","No","No","No","No","No","No"]
["n23a & b","Inbound","Takapuna / Hillcrest","No","No","No","No","No","No","Yes","No"]
["n23a & b","Outbound","Takapuna / Hillcrest","No","No","No","No","No","No","No","No"]
["n11","Inbound","North Shore peak","No","No","No","No","No","No","Yes","No"]
["n8a & b","Inbound","Onewa Road","No","No","Yes","No","No","No","No","No"]
["n8a & b","Outbound","Onewa Road","No","No","No","No","No","No","No","No"]
["n81","Inbound","North Shore peak","No","No","No","No","No","No","Yes","No"]
["n9a & b","Inbound","Onewa Road","No","No","Yes","No","No","No","No","No"]
["n9a & b","Outbound","Onewa Road","No","No","No","No","No","No","No","No"]
["n91","Inbound","North Shore peak","No","No","No","No","No","No","Yes","No"]
["n92","Inbound","North Shore peak","No","No","No","No","No","No","Yes","No"]
["n93","Inbound","Onewa Road","No","No","No","No","No","No","No","No"]
["n93","Outbound","Onewa Road","No","No","No","No","No","No","No","No"]
["110","Inbound","Westgate","No","Yes","No","No","No","No","No","No"]
["110","Outbound","Westgate","No","No","No","No","No","No","No","No"]
["125X","Inbound","Westgate","No","Yes","No","No","No","No","No","No"]
["129","Inbound","Massey West","No","Yes","No","No","No","No","No","No"]
["Red Hills","Inbound","Red Hills","No","Yes","No","No","No","No","No","No"]
["132X","Inbound","Te Atatu Peninsula","No","Yes","No","No","No","No","No","No"]
["133X","Inbound","Henderson","No","Yes","No","No","No","No","No","No"]
["151X","Inbound","West Express","No","Yes","No","No","No","No","No","No"]
["171X & 172X","Inbound","West Express","No","Yes","No","No","No","No","No","No"]
["195","Inbound","Great North Road","No","Yes","No","No","No","No","No","No"]
["195","Outbound","Great North Road","No","No","No","No","No","No","No","No"]
["209","Inbound","Green Bay","No","Yes","No","No","No","No","No","No"]

{"sheet":"Route Colours","index":8,"n_rows":59,"n_cols":3,"rows_kept":59,"cut":false,"hidden":false,"merged":[]}
["Route Name","Group","Larger Group"]
["Airbus","Airbus","City"]
["City Link","City Link","City"]
["Inner Link","Inner Link","City"]
["Crosstown 5","Mount Eden Crosstown","Central Isthmus"]
["Crosstown 4","Manukau Road / Jervois Road","Central Isthmus"]
["Crosstown 4 peak","Manukau Road","Central Isthmus"]
["309 & 309X","Manukau Road","Central Isthmus"]
["101","Jervois Road","Central Isthmus"]
["105","Richmond Road","Central Isthmus"]
["106","Freemans Bay","Central Isthmus"]
["18","Great North Road","Central Isthmus"]
["22a & b","New North Road","Central Isthmus"]
["24a & b","Sandringham Road","Central Isthmus"]
["25 & 26","Dominion Road","Central Isthmus"]
["27","Mount Eden Road","Central Isthmus"]
["321","Otahuhu to City via Hospitals","Central Isthmus"]
["295","Gillies Ave","Central Isthmus"]
["70","Remuera Road","East Isthmus"]
["701","Remuera Road","East Isthmus"]
["703","Portland Road","East Isthmus"]
["761","Kepa Road","East Isthmus"]
["77","Tamaki Drive","East Isthmus"]
["774 & 775","Tamaki Drive","East Isthmus"]
["55","Howick","East Auckland"]
["55 peak","Great South Road","East Auckland"]
["360X","Papakura","South Auckland"]
["NX1","NEX","North Shore"]
["NX2","NEX","North Shore"]
["Hibiscus Coast","Hibiscus Coast Express","North Shore"]
["NX3","NEX","North Shore"]
["n4 & n4a","Takapuna / Hillcrest","North Shore"]
["n23a & b","Takapuna / Hillcrest","North Shore"]
["n11","North Shore peak","North Shore"]
["n8a & b","Onewa Road","North Shore"]
["n81","North Shore peak","North Shore"]
["n9a & b","Onewa Road","North Shore"]
["n91","North Shore peak","North Shore"]
["n92","North Shore peak","North Shore"]
["n93","Onewa Road","North Shore"]
["110","Westgate","Northwest Auckland"]
["125X","Westgate","Northwest Auckland"]
["129","Massey West","Northwest Auckland"]
["Red Hills","Red Hills","Northwest Auckland"]
["132X","Te Atatu Peninsula","Northwest Auckland"]
["133X","Henderson","Northwest Auckland"]
["151X","West Express","West Auckland"]
["171X & 172X","West Express","West Auckland"]
["195","Great North Road","Central Isthmus"]
["209","Green Bay","West Auckland"]
["Queen St Shuttle","Queen Street LRT","LRT"]
["Dominion LRT","Dominion Road LRT","LRT"]
["Sandringham LRT","Sandringham Road LRT","LRT"]
["Manukau LRT single","Manukau Road LRT (single)","LRT"]
["Manukau LRT double","Manukau Road LRT","LRT"]
["Mt Eden LRT single","Mount Eden Road LRT (single)","LRT"]
["Mt Eden LRT double","Mount Eden Road LRT","LRT"]
[null,"Northwest Peak"]
[null,"Howick / Great South Road"]

{"sheet":"Validation Lists","index":9,"n_rows":78,"n_cols":7,"rows_kept":78,"cut":false,"hidden":false,"merged":[]}
["Trigger Type","Action Subject Type","Action Type","Corridor Stop List","Terminus Stop List","Route List","Route Group List"]
["Corridor stop capacity","Route","Remove from corridor stops","Anzac Ave : North : All routes","Wynyard Quarter : Isthmus/Link","Airbus : Inbound","Airbus"]
["Corridor stop volume (above)","Route Group","Add to corridor stops","Anzac Ave : South : All routes","Britomart West : West/Northwest","Airbus : Outbound","City Link"]
["Corridor stop volume (below)","Stop (Corridor)","Remove from terminus stops","Symonds Street (Anzac to Wellesley) : North : All routes","Britomart West : North Shore","City Link : Inbound","Inner Link"]
["Terminus stop capacity","Stop (Terminus)","Add to terminus stops","Symonds Street (Anzac to Wellesley) : South : All routes","Britomart East : Mt Eden/Hospitals","Inner Link : Inbound","Manukau Road"]
["Terminus stop volume (above)",null,"Change vehicle capacity","Symonds Street (Wellesley to K Rd) : North : Britomart-bound","Britomart East : Tamaki Drive","Inner Link : Outbound","Manukau Road / Jervois Road"]
["Terminus stop volume (below)",null,null,"Symonds Street (Wellesley to K Rd) : North : Wynyard-bound","Britomart East : AMETI","Crosstown 4 peak : Inbound","Jervois Road"]
["Year",null,null,"Symonds Street (Wellesley to K Rd) : South : Grafton","University : All routes","Crosstown 4 : Inbound","Richmond Road"]
[null,null,null,"Symonds Street (Wellesley to K Rd) : South : Upper Symonds","Victoria Park : All routes","Crosstown 4 : Outbound","Freemans Bay"]
[null,null,null,"Symonds Street Upper : North : All routes",null,"309 & 309X : Inbound","Mount Eden Crosstown"]
[null,null,null,"Symonds Street Upper : South : All routes",null,"309 & 309X : Outbound","Great North Road"]
[null,null,null,"Wellesley Street : East : North Shore",null,"101 : Inbound","New North Road"]
[null,null,null,"Wellesley Street : East : Isthmus",null,"105 : Inbound","Sandringham Road"]
[null,null,null,"Wellesley Street : East : Crosstown",null,"105 : Outbound","Dominion Road"]
[null,null,null,"Wellesley Street : West : North Shore",null,"106 : Inbound","Mount Eden Road"]
[null,null,null,"Wellesley Street : West : Isthmus",null,"106 : Outbound","Otahuhu to City via Hospitals"]
[null,null,null,"Wellesley Street : West : Crosstown",null,"Crosstown 5 : Inbound","Gillies Ave"]
[null,null,null,"Fanshawe Street (Halsey to Albert) : East : North Shore to Britomart",null,"Crosstown 5 : Outbound","Remuera Road"]
[null,null,null,"Fanshawe Street (Halsey to Albert) : East : Link",null,"18 : Inbound","Portland Road"]
[null,null,null,"Fanshawe Street (Halsey to Albert) : West : North Shore",null,"18 : Outbound","Kepa Road"]
[null,null,null,"Fanshawe Street (Halsey to Albert) : West : Link",null,"22a & b : Inbound","Tamaki Drive"]
[null,null,null,"Fanshawe Street (Victoria Park) : East : NS to Britomart",null,"22a & b : Outbound","Howick"]
[null,null,null,"Fanshawe Street (Victoria Park) : East : NS to University",null,"24a & b : Inbound","Papakura"]
[null,null,null,"Fanshawe Street (Victoria Park) : East : Isthmus/Link",null,"24a & b : Outbound","NEX"]
[null,null,null,"Fanshawe Street (Victoria Park) : West : NEX",null,"25 & 26 : Inbound","Hibiscus Coast Express"]
[null,null,null,"Fanshawe Street (Victoria Park) : West : Isthmus/Link",null,"25 & 26 : Outbound","Takapuna / Hillcrest"]
[null,null,null,"Fanshawe Street (Victoria Park) : West : North Shore",null,"27 : Inbound","North Shore peak"]
[null,null,null,"Queen Street (Customs to Mayoral) : North : All routes",null,"27 : Outbound","Onewa Road"]
[null,null,null,"Queen Street (Customs to Mayoral) : South : All routes",null,"321 : Inbound","Westgate"]
[null,null,null,"Queen Street (Mayoral to K Rd) : North : All routes",null,"321 : Outbound","Massey West"]
[null,null,null,"Queen Street (Mayoral to K Rd) : South : All routes",null,"295 : Inbound","Red Hills"]
[null,null,null,"Albert Street : North : All routes",null,"295 : Outbound","Te Atatu Peninsula"]
[null,null,null,"Albert Street : South : All routes",null,"70 : Inbound","Henderson"]
[null,null,null,"Beach Road : East : All routes",null,"70 : Outbound","West Express"]
[null,null,null,"Beach Road : West : All routes",null,"701 : Inbound","Green Bay"]
[null,null,null,"Victoria Street : East : All routes",null,"703 : Inbound"]
[null,null,null,"Victoria Street : West : All routes",null,"703 : Outbound"]
[null,null,null,"College Hill : East : All routes",null,"761 : Inbound"]
[null,null,null,"College Hill : West : All routes",null,"77 : Inbound"]
[null,null,null,"Beaumont Street : North : All routes",null,"77 : Outbound"]
[null,null,null,"Beaumont Street : South : All routes",null,"774 & 775 : Inbound"]
[null,null,null,"K Road (Pitt to Ponsonby) : East : All routes",null,"55 : Inbound"]
[null,null,null,"K Road (Pitt to Ponsonby) : West : All routes",null,"55 : Outbound"]
[null,null,null,"K Road (Queen to Symonds) : East : All routes",null,"55 peak : Inbound"]
[null,null,null,"K Road (Queen to Symonds) : West : All routes",null,"360X : Inbound"]
[null,null,null,"K Road (Pitt to Queen) : East : All routes",null,"NX1 : Inbound"]
[null,null,null,"K Road (Pitt to Queen) : West : All routes",null,"NX1 : Outbound"]
[null,null,null,"Pitt Street : North : All routes",null,"NX2 : Inbound"]
[null,null,null,"Pitt Street : South : All routes",null,"NX2 : Outbound"]
[null,null,null,"Great North Road : East : All routes",null,"Hibiscus Coast : Inbound"]
[null,null,null,"Great North Road : West : All routes",null,"NX3 : Inbound"]
[null,null,null,"Grafton Bridge : East : Other",null,"NX3 : Outbound"]
[null,null,null,"Grafton Bridge : East : To 277",null,"n4 & n4a : Inbound"]
[null,null,null,"Grafton Bridge : West : Britomart-bound",null,"n4 & n4a : Outbound"]
[null,null,null,"Grafton Bridge : West : Wynyard/Ponsonby",null,"n23a & b : Inbound"]
[null,null,null,"Park Road : East : Other",null,"n23a & b : Outbound"]
[null,null,null,"Park Road : East : To 277",null,"n11 : Inbound"]
[null,null,null,"Park Road : West : Britomart-bound",null,"n8a & b : Inbound"]
[null,null,null,"Park Road : West : Wynyard/Ponsonby",null,"n8a & b : Outbound"]
[null,null,null,"Khyber Pass : East : All routes",null,"n81 : Inbound"]
[null,null,null,"Khyber Pass : West : All routes",null,"n9a & b : Inbound"]
[null,null,null,"Grafton Road : North : All routes",null,"n9a & b : Outbound"]
[null,null,null,"Grafton Road : South : All routes",null,"n91 : Inbound"]
[null,null,null,null,null,"n92 : Inbound"]
[null,null,null,null,null,"n93 : Inbound"]
[null,null,null,null,null,"n93 : Outbound"]
[null,null,null,null,null,"110 : Inbound"]
[null,null,null,null,null,"110 : Outbound"]
[null,null,null,null,null,"125X : Inbound"]
[null,null,null,null,null,"129 : Inbound"]
[null,null,null,null,null,"Red Hills : Inbound"]
[null,null,null,null,null,"132X : Inbound"]
[null,null,null,null,null,"133X : Inbound"]
[null,null,null,null,null,"151X : Inbound"]
[null,null,null,null,null,"171X & 172X : Inbound"]
[null,null,null,null,null,"195 : Inbound"]
[null,null,null,null,null,"195 : Outbound"]
[null,null,null,null,null,"209 : Inbound"]